{"id":12,"date":"2021-05-28T16:20:06","date_gmt":"2021-05-28T14:20:06","guid":{"rendered":"http:\/\/dev.galerie-klaus-benden.de\/?post_type=artist&#038;p=12"},"modified":"2021-12-01T14:47:16","modified_gmt":"2021-12-01T13:47:16","slug":"roy-lichtenstein","status":"publish","type":"artist","link":"https:\/\/galerie-benden-ackermann.de\/de\/artist\/roy-lichtenstein\/","title":{"rendered":"Roy Lichtenstein"},"content":{"rendered":"<p><strong>* 1923 New York<\/strong><br \/>\n<strong>\u2020 1997 New York<\/strong><\/p>\n<p style=\"text-align: right;\"><em><strong>\u201eAll meine Kunst bezieht sich in gewisser Weise auf andere Kunst,<br \/>\n<\/strong><strong>auch wenn diese andere Kunst Comics sind.\u201c<\/strong><\/em><\/p>\n<p>&nbsp;<\/p>\n<p>Als Maler, Graphiker und Bildhauer wurde Roy Lichtenstein mit seinem Werk zu einer Schl\u00fcsselfigur der amerikanischen Kunst der Nachkriegszeit, zu einem Synonym f\u00fcr die amerikanische Pop Art und zu einem der einflussreichsten K\u00fcnstler des 20. Jahrhunderts. Mehr als drei Jahrzehnte gelang es ihm, seinen eigenen k\u00fcnstlerischen Quellen treu zu bleiben und gleichzeitig seine verschiedenen thematischen Motive auszubauen, vielf\u00e4ltig zu kombinieren und zu variieren.<\/p>\n<p><a href=\"https:\/\/galerie-klaus-benden.de\/de\/roy-fox-lichtenstein\/\"><strong>mehr<\/strong><\/a><\/p>\n","protected":false},"author":1,"featured_media":2717,"template":"","tags":[],"class_list":["post-12","artist","type-artist","status-publish","has-post-thumbnail","hentry"],"_links":{"self":[{"href":"https:\/\/galerie-benden-ackermann.de\/de\/wp-json\/wp\/v2\/artist\/12","targetHints":{"allow":["GET"]}}],"collection":[{"href":"https:\/\/galerie-benden-ackermann.de\/de\/wp-json\/wp\/v2\/artist"}],"about":[{"href":"https:\/\/galerie-benden-ackermann.de\/de\/wp-json\/wp\/v2\/types\/artist"}],"author":[{"embeddable":true,"href":"https:\/\/galerie-benden-ackermann.de\/de\/wp-json\/wp\/v2\/users\/1"}],"version-history":[{"count":13,"href":"https:\/\/galerie-benden-ackermann.de\/de\/wp-json\/wp\/v2\/artist\/12\/revisions"}],"predecessor-version":[{"id":3257,"href":"https:\/\/galerie-benden-ackermann.de\/de\/wp-json\/wp\/v2\/artist\/12\/revisions\/3257"}],"wp:featuredmedia":[{"embeddable":true,"href":"https:\/\/galerie-benden-ackermann.de\/de\/wp-json\/wp\/v2\/media\/2717"}],"wp:attachment":[{"href":"https:\/\/galerie-benden-ackermann.de\/de\/wp-json\/wp\/v2\/media?parent=12"}],"wp:term":[{"taxonomy":"post_tag","embeddable":true,"href":"https:\/\/galerie-benden-ackermann.de\/de\/wp-json\/wp\/v2\/tags?post=12"}],"curies":[{"name":"wp","href":"https:\/\/api.w.org\/{rel}","templated":true}]}}

<p><strong>* 1923 New York</strong><br />
<strong>† 1997 New York</strong></p>
<p style="text-align: right;"><em><strong>„All meine Kunst bezieht sich in gewisser Weise auf andere Kunst,<br />
</strong><strong>auch wenn diese andere Kunst Comics sind.“</strong></em></p>
<p>&nbsp;</p>
<p>Als Maler, Graphiker und Bildhauer wurde Roy Lichtenstein mit seinem Werk zu einer Schlüsselfigur der amerikanischen Kunst der Nachkriegszeit, zu einem Synonym für die amerikanische Pop Art und zu einem der einflussreichsten Künstler des 20. Jahrhunderts. Mehr als drei Jahrzehnte gelang es ihm, seinen eigenen künstlerischen Quellen treu zu bleiben und gleichzeitig seine verschiedenen thematischen Motive auszubauen, vielfältig zu kombinieren und zu variieren.</p>
<p><a href="https://galerie-klaus-benden.de/de/roy-fox-lichtenstein/"><strong>mehr</strong></a></p>
