{"id":282,"date":"2021-10-06T16:31:33","date_gmt":"2021-10-06T14:31:33","guid":{"rendered":"https:\/\/dev.galerie-klaus-benden.de\/?post_type=artist&#038;p=282"},"modified":"2024-01-28T13:22:17","modified_gmt":"2024-01-28T12:22:17","slug":"willi-silber","status":"publish","type":"artist","link":"https:\/\/galerie-benden-ackermann.de\/de\/artist\/willi-silber\/","title":{"rendered":"Willi Siber"},"content":{"rendered":"<p><strong>* 1949 Eberhardzell,<\/strong><br \/>\n<strong>lebt und arbeitet in Dietenwengen<\/strong><\/p>\n<p style=\"text-align: right;\"><em><strong>Illusion der Leichtigkeit<\/strong><\/em><\/p>\n<p>Widerborstig und zart, schwer und leicht \u2013 Willi Sibers Arbeiten leben von Gegens\u00e4tzen, vom Spiel mit sinnlicher Wahrnehmung von Material und Farbe, Oberfl\u00e4che und Tiefe.<\/p>\n<p>Die Kunst des Bildhauers, Malers, Zeichners und Objektk\u00fcnstlers l\u00e4sst sich keiner Stilrichtung zuordnen und hinterfragt die \u00e4sthetische Wirkung der von ihm verwendeten Materialien immer wieder aufs Neue. Ob aus Holz, Harz oder Stahl \u2013 Sibers Wand-, Boden- und Bildobjekte ziehen den Betrachter unweigerlich in ihren Bann. Sie strahlen im Glanz der Perfektion, wirken dabei jedoch auf selbstverst\u00e4ndliche Weise leicht und verspielt, selbstbewusst und souver\u00e4n.<\/p>\n<p>Bereits in den 1980er-Jahren begann der K\u00fcnstler (*1949 in Eberhardzell, Biberach\/Ri\u00df, DE) seine technisch-formalen Holzarbeiten innovativ zu erweitern, was Willi Sibers Werk eine besondere Bedeutung in der Erneuerung der Holzbildhauerei zukommen l\u00e4sst. Die vom Vater geerbte Schreinerei im oberschw\u00e4bischen Heimatdorf Dietenwengen wurde sein erster Atelierraum, weshalb er nach seinem Studium der Bildenden K\u00fcnste an der Akademie Stuttgart 1976 wieder zur\u00fcck aufs Land zog. Von der Vollholzskulptur wendete er sich schon fr\u00fch ab, schuf in Folge kissen- oder rohrartige Holzh\u00fcllen mit dicht aufgesetzter, noppenartiger Oberfl\u00e4chenstruktur. Mit der Zeit erweiterte Siber sein Oeuvre, arbeitete mit unterschiedlichen Farben, Lacken, Emulsionen und gegossenem Epoxidharz. Auch Stahl z\u00e4hlt heute zu seinen pr\u00e4ferierten Materialien.<\/p>\n<p>Willi Siber stellt seit beinahe 30 Jahren in zahlreichen deutschen, inzwischen aber auch internationalen Museen, Galerien und namhaften Sammlungen, wie Deutscher Bundestag, Berlin, Deutsche Botschaft Buenos Aires, Pinakothek der Moderne, M\u00fcnchen, Regierungspr\u00e4sidium Stuttgart, Staatsgalerie Stuttgart und im \u00f6ffentlichen Raum aus.<\/p>\n<p>Egal in welchem Material Willi Siber gerade arbeitet, sein k\u00fcnstlerischer Prozess ist stets mit umfangreicher, konsequenter Forschungsarbeit verbunden. Er ist ein T\u00fcftler und verwendet oft Monate darauf, bestimmte Wirkungen zu erreichen und das Material zu beherrschen. Jede Arbeit begr\u00fcndet sich in einem Prozess vieler aufeinanderfolgender und genauestens aufeinander abgestimmter Arbeitsschritte, die sich letztendlich in einem perfekten \u00e4sthetischen Ganzen aufl\u00f6sen. Vielleicht macht mitunter gerade das die Faszination von Willi Sibers Werk aus.<\/p>\n<p style=\"text-align: right;\">A. Seebacher<\/p>\n","protected":false},"author":2,"featured_media":2507,"template":"","tags":[],"class_list":["post-282","artist","type-artist","status-publish","has-post-thumbnail","hentry"],"_links":{"self":[{"href":"https:\/\/galerie-benden-ackermann.de\/de\/wp-json\/wp\/v2\/artist\/282","targetHints":{"allow":["GET"]}}],"collection":[{"href":"https:\/\/galerie-benden-ackermann.de\/de\/wp-json\/wp\/v2\/artist"}],"about":[{"href":"https:\/\/galerie-benden-ackermann.de\/de\/wp-json\/wp\/v2\/types\/artist"}],"author":[{"embeddable":true,"href":"https:\/\/galerie-benden-ackermann.de\/de\/wp-json\/wp\/v2\/users\/2"}],"version-history":[{"count":14,"href":"https:\/\/galerie-benden-ackermann.de\/de\/wp-json\/wp\/v2\/artist\/282\/revisions"}],"predecessor-version":[{"id":4695,"href":"https:\/\/galerie-benden-ackermann.de\/de\/wp-json\/wp\/v2\/artist\/282\/revisions\/4695"}],"wp:featuredmedia":[{"embeddable":true,"href":"https:\/\/galerie-benden-ackermann.de\/de\/wp-json\/wp\/v2\/media\/2507"}],"wp:attachment":[{"href":"https:\/\/galerie-benden-ackermann.de\/de\/wp-json\/wp\/v2\/media?parent=282"}],"wp:term":[{"taxonomy":"post_tag","embeddable":true,"href":"https:\/\/galerie-benden-ackermann.de\/de\/wp-json\/wp\/v2\/tags?post=282"}],"curies":[{"name":"wp","href":"https:\/\/api.w.org\/{rel}","templated":true}]}}

<p><strong>* 1949 Eberhardzell,</strong><br />
<strong>lebt und arbeitet in Dietenwengen</strong></p>
<p style="text-align: right;"><em><strong>Illusion der Leichtigkeit</strong></em></p>
<p>Widerborstig und zart, schwer und leicht – Willi Sibers Arbeiten leben von Gegensätzen, vom Spiel mit sinnlicher Wahrnehmung von Material und Farbe, Oberfläche und Tiefe.</p>
<p>Die Kunst des Bildhauers, Malers, Zeichners und Objektkünstlers lässt sich keiner Stilrichtung zuordnen und hinterfragt die ästhetische Wirkung der von ihm verwendeten Materialien immer wieder aufs Neue. Ob aus Holz, Harz oder Stahl – Sibers Wand-, Boden- und Bildobjekte ziehen den Betrachter unweigerlich in ihren Bann. Sie strahlen im Glanz der Perfektion, wirken dabei jedoch auf selbstverständliche Weise leicht und verspielt, selbstbewusst und souverän.</p>
<p>Bereits in den 1980er-Jahren begann der Künstler (*1949 in Eberhardzell, Biberach/Riß, DE) seine technisch-formalen Holzarbeiten innovativ zu erweitern, was Willi Sibers Werk eine besondere Bedeutung in der Erneuerung der Holzbildhauerei zukommen lässt. Die vom Vater geerbte Schreinerei im oberschwäbischen Heimatdorf Dietenwengen wurde sein erster Atelierraum, weshalb er nach seinem Studium der Bildenden Künste an der Akademie Stuttgart 1976 wieder zurück aufs Land zog. Von der Vollholzskulptur wendete er sich schon früh ab, schuf in Folge kissen- oder rohrartige Holzhüllen mit dicht aufgesetzter, noppenartiger Oberflächenstruktur. Mit der Zeit erweiterte Siber sein Oeuvre, arbeitete mit unterschiedlichen Farben, Lacken, Emulsionen und gegossenem Epoxidharz. Auch Stahl zählt heute zu seinen präferierten Materialien.</p>
<p>Willi Siber stellt seit beinahe 30 Jahren in zahlreichen deutschen, inzwischen aber auch internationalen Museen, Galerien und namhaften Sammlungen, wie Deutscher Bundestag, Berlin, Deutsche Botschaft Buenos Aires, Pinakothek der Moderne, München, Regierungspräsidium Stuttgart, Staatsgalerie Stuttgart und im öffentlichen Raum aus.</p>
<p>Egal in welchem Material Willi Siber gerade arbeitet, sein künstlerischer Prozess ist stets mit umfangreicher, konsequenter Forschungsarbeit verbunden. Er ist ein Tüftler und verwendet oft Monate darauf, bestimmte Wirkungen zu erreichen und das Material zu beherrschen. Jede Arbeit begründet sich in einem Prozess vieler aufeinanderfolgender und genauestens aufeinander abgestimmter Arbeitsschritte, die sich letztendlich in einem perfekten ästhetischen Ganzen auflösen. Vielleicht macht mitunter gerade das die Faszination von Willi Sibers Werk aus.</p>
<p style="text-align: right;">A. Seebacher</p>
