{"id":4701,"date":"2024-03-07T13:40:47","date_gmt":"2024-03-07T12:40:47","guid":{"rendered":"https:\/\/galerie-klaus-benden.de\/?post_type=artist&#038;p=4701"},"modified":"2024-04-26T13:13:38","modified_gmt":"2024-04-26T11:13:38","slug":"jim-dine","status":"publish","type":"artist","link":"https:\/\/galerie-benden-ackermann.de\/de\/artist\/jim-dine\/","title":{"rendered":"Jim Dine"},"content":{"rendered":"<p><strong>* 1935 Cincinnati, Ohio<\/strong><\/p>\n<p>Jim Dine, geboren am 16. Juni 1935 in Cincinnati, Ohio, ist ein amerikanischer K\u00fcnstler und Dichter, der ma\u00dfgeblich zur Entwicklung der Performance Art und Pop Art beigetragen hat. Seine ber\u00fchmten Gem\u00e4lde, Fotografien, Drucke und Skulpturen zeichnen sich unter anderem durch Motive wie Pinocchio-Figuren, Herzen, Roben und Werkzeuge aus. Nach seinem Poesiestudium an der University of Cincinnati und dem Abschluss seines Bachelor of Arts an der University of Ohio im Jahr 1957 zog er 1958 nach New York. Dort schloss er sich dem K\u00fcnstlerkreis um Allan Kaprow und Claes Oldenburg an. Gemeinsam inszenierten sie Performances an verschiedenen Orten der Stadt, die sie &#8222;Happenings&#8220;nannten. In den fr\u00fchen 1960er Jahren verlagerte Dine seinen Schwerpunkt auf die Malerei, inspiriert von popul\u00e4ren Bildern und kommerziellen Objekten.\u00a0 Heute lebt und arbeitet der K\u00fcnstler zwischen New York und Walla Walla, Washington.<\/p>\n","protected":false},"author":2,"featured_media":4709,"template":"","tags":[],"class_list":["post-4701","artist","type-artist","status-publish","has-post-thumbnail","hentry"],"_links":{"self":[{"href":"https:\/\/galerie-benden-ackermann.de\/de\/wp-json\/wp\/v2\/artist\/4701","targetHints":{"allow":["GET"]}}],"collection":[{"href":"https:\/\/galerie-benden-ackermann.de\/de\/wp-json\/wp\/v2\/artist"}],"about":[{"href":"https:\/\/galerie-benden-ackermann.de\/de\/wp-json\/wp\/v2\/types\/artist"}],"author":[{"embeddable":true,"href":"https:\/\/galerie-benden-ackermann.de\/de\/wp-json\/wp\/v2\/users\/2"}],"version-history":[{"count":3,"href":"https:\/\/galerie-benden-ackermann.de\/de\/wp-json\/wp\/v2\/artist\/4701\/revisions"}],"predecessor-version":[{"id":4718,"href":"https:\/\/galerie-benden-ackermann.de\/de\/wp-json\/wp\/v2\/artist\/4701\/revisions\/4718"}],"wp:featuredmedia":[{"embeddable":true,"href":"https:\/\/galerie-benden-ackermann.de\/de\/wp-json\/wp\/v2\/media\/4709"}],"wp:attachment":[{"href":"https:\/\/galerie-benden-ackermann.de\/de\/wp-json\/wp\/v2\/media?parent=4701"}],"wp:term":[{"taxonomy":"post_tag","embeddable":true,"href":"https:\/\/galerie-benden-ackermann.de\/de\/wp-json\/wp\/v2\/tags?post=4701"}],"curies":[{"name":"wp","href":"https:\/\/api.w.org\/{rel}","templated":true}]}}

<p><strong>* 1935 Cincinnati, Ohio</strong></p>
<p>Jim Dine, geboren am 16. Juni 1935 in Cincinnati, Ohio, ist ein amerikanischer Künstler und Dichter, der maßgeblich zur Entwicklung der Performance Art und Pop Art beigetragen hat. Seine berühmten Gemälde, Fotografien, Drucke und Skulpturen zeichnen sich unter anderem durch Motive wie Pinocchio-Figuren, Herzen, Roben und Werkzeuge aus. Nach seinem Poesiestudium an der University of Cincinnati und dem Abschluss seines Bachelor of Arts an der University of Ohio im Jahr 1957 zog er 1958 nach New York. Dort schloss er sich dem Künstlerkreis um Allan Kaprow und Claes Oldenburg an. Gemeinsam inszenierten sie Performances an verschiedenen Orten der Stadt, die sie &#8222;Happenings&#8220;nannten. In den frühen 1960er Jahren verlagerte Dine seinen Schwerpunkt auf die Malerei, inspiriert von populären Bildern und kommerziellen Objekten.  Heute lebt und arbeitet der Künstler zwischen New York und Walla Walla, Washington.</p>
