{"id":3303,"date":"2022-01-11T11:53:56","date_gmt":"2022-01-11T10:53:56","guid":{"rendered":"https:\/\/galerie-klaus-benden.de\/?post_type=exhibition&#038;p=3303"},"modified":"2022-01-11T11:57:20","modified_gmt":"2022-01-11T10:57:20","slug":"pop-art-highlights","status":"publish","type":"exhibition","link":"https:\/\/galerie-benden-ackermann.de\/de\/exhibition\/pop-art-highlights\/","title":{"rendered":"Pop Art Highlights"},"content":{"rendered":"<p><img loading=\"lazy\" decoding=\"async\" class=\"size-medium wp-image-3306 alignnone\" src=\"https:\/\/galerie-klaus-benden.de\/wp-content\/uploads\/2022\/01\/galerie-klaus-benden-art-robert-indiana-love-1-300x289.jpg\" alt=\"\" width=\"300\" height=\"289\" srcset=\"https:\/\/galerie-benden-ackermann.de\/wp-content\/uploads\/2022\/01\/galerie-klaus-benden-art-robert-indiana-love-1-300x289.jpg 300w, https:\/\/galerie-benden-ackermann.de\/wp-content\/uploads\/2022\/01\/galerie-klaus-benden-art-robert-indiana-love-1.jpg 550w\" sizes=\"auto, (max-width: 550px) 100vw, 550px\" \/><\/p>\n<p>Zum Jahresbeginn zeigen wir im Rahmen des K1-Rundgangs die Ausstellung \u201ePop Art Highlights\u201c.<\/p>\n<p>Konservendosen, Cola-Flaschen, Essensmarken, Jetons, Lebensmittel oder Flaggen: Es gab kaum ein Alltagsgegenstand, den die Pop-Art-K\u00fcnstler nicht in ihren Arbeiten festhielten. Vermeidlich banale Objekte wurden zum Motiv einer Kunstrichtung, deren Erfolgsgeschichte Anfang der 1960er-Jahre in New York begann. Die K\u00fcnstler spiegelten ihre Eindr\u00fccke der industriellen Ver\u00e4nderung und des Konsums in knallbunten Collagen, Siebdrucken, Installationen und Gem\u00e4lden.<\/p>\n<p>In unserer Ausstellung zeigen wir einen Querschnitt dieser Kunstbewegung, von K\u00fcnstlerplakaten \u00fcber Editionen bis hin zu ikonenhaften Unikaten von:<\/p>\n<p><strong>Andy Warhol<\/strong><\/p>\n<p><strong>Tom Wesselmann<\/strong><\/p>\n<p><strong>Roy Lichtenstein<\/strong><\/p>\n<p><strong>Alex Katz<\/strong><\/p>\n<p><strong>Robert Indiana<\/strong><\/p>\n<p><strong>Robert Rauschenberg<\/strong><\/p>\n<p><strong>James Rosenquist <\/strong><\/p>\n<p><strong>David H<\/strong><strong>ockney<\/strong><\/p>\n<p><strong>\u00a0<\/strong><\/p>\n","protected":false},"author":2,"featured_media":3306,"template":"","tags":[],"class_list":["post-3303","exhibition","type-exhibition","status-publish","has-post-thumbnail","hentry"],"_links":{"self":[{"href":"https:\/\/galerie-benden-ackermann.de\/de\/wp-json\/wp\/v2\/exhibition\/3303","targetHints":{"allow":["GET"]}}],"collection":[{"href":"https:\/\/galerie-benden-ackermann.de\/de\/wp-json\/wp\/v2\/exhibition"}],"about":[{"href":"https:\/\/galerie-benden-ackermann.de\/de\/wp-json\/wp\/v2\/types\/exhibition"}],"author":[{"embeddable":true,"href":"https:\/\/galerie-benden-ackermann.de\/de\/wp-json\/wp\/v2\/users\/2"}],"version-history":[{"count":4,"href":"https:\/\/galerie-benden-ackermann.de\/de\/wp-json\/wp\/v2\/exhibition\/3303\/revisions"}],"predecessor-version":[{"id":3311,"href":"https:\/\/galerie-benden-ackermann.de\/de\/wp-json\/wp\/v2\/exhibition\/3303\/revisions\/3311"}],"wp:featuredmedia":[{"embeddable":true,"href":"https:\/\/galerie-benden-ackermann.de\/de\/wp-json\/wp\/v2\/media\/3306"}],"wp:attachment":[{"href":"https:\/\/galerie-benden-ackermann.de\/de\/wp-json\/wp\/v2\/media?parent=3303"}],"wp:term":[{"taxonomy":"post_tag","embeddable":true,"href":"https:\/\/galerie-benden-ackermann.de\/de\/wp-json\/wp\/v2\/tags?post=3303"}],"curies":[{"name":"wp","href":"https:\/\/api.w.org\/{rel}","templated":true}]}}

<p><img loading="lazy" decoding="async" class="size-medium wp-image-3306 alignnone" src="https://galerie-klaus-benden.de/wp-content/uploads/2022/01/galerie-klaus-benden-art-robert-indiana-love-1-300x289.jpg" alt="" width="300" height="289" srcset="https://galerie-benden-ackermann.de/wp-content/uploads/2022/01/galerie-klaus-benden-art-robert-indiana-love-1-300x289.jpg 300w, https://galerie-benden-ackermann.de/wp-content/uploads/2022/01/galerie-klaus-benden-art-robert-indiana-love-1.jpg 550w" sizes="auto, (max-width: 550px) 100vw, 550px" /></p>
<p>Zum Jahresbeginn zeigen wir im Rahmen des K1-Rundgangs die Ausstellung „Pop Art Highlights“.</p>
<p>Konservendosen, Cola-Flaschen, Essensmarken, Jetons, Lebensmittel oder Flaggen: Es gab kaum ein Alltagsgegenstand, den die Pop-Art-Künstler nicht in ihren Arbeiten festhielten. Vermeidlich banale Objekte wurden zum Motiv einer Kunstrichtung, deren Erfolgsgeschichte Anfang der 1960er-Jahre in New York begann. Die Künstler spiegelten ihre Eindrücke der industriellen Veränderung und des Konsums in knallbunten Collagen, Siebdrucken, Installationen und Gemälden.</p>
<p>In unserer Ausstellung zeigen wir einen Querschnitt dieser Kunstbewegung, von Künstlerplakaten über Editionen bis hin zu ikonenhaften Unikaten von:</p>
<p><strong>Andy Warhol</strong></p>
<p><strong>Tom Wesselmann</strong></p>
<p><strong>Roy Lichtenstein</strong></p>
<p><strong>Alex Katz</strong></p>
<p><strong>Robert Indiana</strong></p>
<p><strong>Robert Rauschenberg</strong></p>
<p><strong>James Rosenquist </strong></p>
<p><strong>David H</strong><strong>ockney</strong></p>
<p><strong> </strong></p>
