{"id":4681,"date":"2024-01-21T11:25:43","date_gmt":"2024-01-21T10:25:43","guid":{"rendered":"https:\/\/galerie-klaus-benden.de\/?post_type=exhibition&#038;p=4681"},"modified":"2024-01-23T11:49:48","modified_gmt":"2024-01-23T10:49:48","slug":"andy-warhol-2","status":"publish","type":"exhibition","link":"https:\/\/galerie-benden-ackermann.de\/de\/exhibition\/andy-warhol-2\/","title":{"rendered":"Andy Warhol \u2014 Hand-Colored"},"content":{"rendered":"<p>Liebe Sammlerinnen und Sammler, liebe Freunde der Galerie,<\/p>\n<p>im Rahmen des K1 Winterrundgangs 2024 freuen wir uns, Sie am 28.01. herzlich zu der Er\u00f6ffnung der Ausstellung Andy Warhol \u201eHand-Colored\u201c einladen zu d\u00fcrfen.<\/p>\n<p>Die Ausstellung widmet sich handkolorierten grafischen Werken, die Warhol als Werbegrafiker in den 50er und 60er Jahren in New York begann und im Laufe seiner Karriere als bildende Kunst etablierte. W\u00e4hrend Warhol \u00fcberwiegend f\u00fcr seine Massenproduktionstechniken wie den Siebdruck bekannt ist, zeigen seine handkolorierten Druckgrafiken eine intimere und arbeitsintensivere Seite seines k\u00fcnstlerischen Schaffens. Jedem Werk wird durch das Auftragen der Farbe von Hand eine gewisse Individualit\u00e4t verliehen, die das Engagement des K\u00fcnstlers f\u00fcr jedes einzelne Werk hervorhebt und dazu beigetragen hat, eine ganze Kunstrichtung zu pr\u00e4gen.<\/p>\n<p>Wir freuen uns, Ihnen diese wunderbaren Arbeiten pr\u00e4sentieren zu d\u00fcrfen.<\/p>\n","protected":false},"author":2,"featured_media":4682,"template":"","tags":[],"class_list":["post-4681","exhibition","type-exhibition","status-publish","has-post-thumbnail","hentry"],"_links":{"self":[{"href":"https:\/\/galerie-benden-ackermann.de\/de\/wp-json\/wp\/v2\/exhibition\/4681","targetHints":{"allow":["GET"]}}],"collection":[{"href":"https:\/\/galerie-benden-ackermann.de\/de\/wp-json\/wp\/v2\/exhibition"}],"about":[{"href":"https:\/\/galerie-benden-ackermann.de\/de\/wp-json\/wp\/v2\/types\/exhibition"}],"author":[{"embeddable":true,"href":"https:\/\/galerie-benden-ackermann.de\/de\/wp-json\/wp\/v2\/users\/2"}],"version-history":[{"count":9,"href":"https:\/\/galerie-benden-ackermann.de\/de\/wp-json\/wp\/v2\/exhibition\/4681\/revisions"}],"predecessor-version":[{"id":4693,"href":"https:\/\/galerie-benden-ackermann.de\/de\/wp-json\/wp\/v2\/exhibition\/4681\/revisions\/4693"}],"wp:featuredmedia":[{"embeddable":true,"href":"https:\/\/galerie-benden-ackermann.de\/de\/wp-json\/wp\/v2\/media\/4682"}],"wp:attachment":[{"href":"https:\/\/galerie-benden-ackermann.de\/de\/wp-json\/wp\/v2\/media?parent=4681"}],"wp:term":[{"taxonomy":"post_tag","embeddable":true,"href":"https:\/\/galerie-benden-ackermann.de\/de\/wp-json\/wp\/v2\/tags?post=4681"}],"curies":[{"name":"wp","href":"https:\/\/api.w.org\/{rel}","templated":true}]}}

<p>Liebe Sammlerinnen und Sammler, liebe Freunde der Galerie,</p>
<p>im Rahmen des K1 Winterrundgangs 2024 freuen wir uns, Sie am 28.01. herzlich zu der Eröffnung der Ausstellung Andy Warhol „Hand-Colored“ einladen zu dürfen.</p>
<p>Die Ausstellung widmet sich handkolorierten grafischen Werken, die Warhol als Werbegrafiker in den 50er und 60er Jahren in New York begann und im Laufe seiner Karriere als bildende Kunst etablierte. Während Warhol überwiegend für seine Massenproduktionstechniken wie den Siebdruck bekannt ist, zeigen seine handkolorierten Druckgrafiken eine intimere und arbeitsintensivere Seite seines künstlerischen Schaffens. Jedem Werk wird durch das Auftragen der Farbe von Hand eine gewisse Individualität verliehen, die das Engagement des Künstlers für jedes einzelne Werk hervorhebt und dazu beigetragen hat, eine ganze Kunstrichtung zu prägen.</p>
<p>Wir freuen uns, Ihnen diese wunderbaren Arbeiten präsentieren zu dürfen.</p>
