{"id":4760,"date":"2024-06-22T15:17:45","date_gmt":"2024-06-22T13:17:45","guid":{"rendered":"https:\/\/galerie-klaus-benden.de\/?post_type=exhibition&#038;p=4760"},"modified":"2024-06-22T15:19:57","modified_gmt":"2024-06-22T13:19:57","slug":"pop-art-pioniere","status":"publish","type":"exhibition","link":"https:\/\/galerie-benden-ackermann.de\/de\/exhibition\/pop-art-pioniere\/","title":{"rendered":"Pop Art Pioniere \u2014 James Rosenquist | Peter Phillips | Richard Lindner "},"content":{"rendered":"<p>Liebe Sammlerinnen und Sammler, liebe Freunde der Galerie,<\/p>\n<p>im Rahmen der langen\u00a0Sommernacht der K1 Galerien\u00a0freuen wir uns, Sie herzlich zu der Er\u00f6ffnung\u00a0der Ausstellung\u00a0Pop Art Pioniere\u00a0einladen zu d\u00fcrfen. Der K1 Rundgang bietet Gelegenheit, in ein reiches Geflecht bildender Kunst einzutauchen. Von Gem\u00e4lden und Skulpturen bis hin zu Installationen und multimedialen Werken zeigen die 14 Galerien\u00a0der Sommernacht ein breites Spektrum an bedeutender Kunst. Der K1 Rundgang ist eine Bereicherung f\u00fcr das K\u00f6lner Kulturgeschehen und wir freuen uns darauf, gemeinsam mit Ihnen Teil dieser Veranstaltung zu sein. Die Ausstellung widmet sich fr\u00fchen\u00a0Werken von Richard Lindner, James Rosenquist und Peter Phillips. Durch Konsumkultur, Alltagsgegenst\u00e4nden und Massenmedien inspiriert, pr\u00e4gten sie in den 1960er Jahren die fr\u00fche Pop-Art-Bewegung und ebneten dabei den Weg, die Pop-Art als bildende Kunst zu etablieren.<\/p>\n<p>Wir freuen uns, Ihnen diese wichtigen Arbeiten pr\u00e4sentieren zu d\u00fcrfen.<\/p>\n<p>Ihre Galerie Benden &amp; Ackermann<\/p>\n<table border=\"0\" width=\"100%\" cellspacing=\"0\" cellpadding=\"0\">\n<tbody>\n<tr>\n<td class=\"fallback-innerfont\" align=\"left\">\n<div>\n<table class=\"m--row\" border=\"0\" width=\"100%\" cellspacing=\"0\" cellpadding=\"0\">\n<tbody>\n<tr>\n<th class=\"m--col\" align=\"center\" valign=\"middle\" width=\"100%\"><\/th>\n<\/tr>\n<\/tbody>\n<\/table>\n<\/div>\n<\/td>\n<\/tr>\n<\/tbody>\n<\/table>\n","protected":false},"author":2,"featured_media":4761,"template":"","tags":[],"class_list":["post-4760","exhibition","type-exhibition","status-publish","has-post-thumbnail","hentry"],"_links":{"self":[{"href":"https:\/\/galerie-benden-ackermann.de\/de\/wp-json\/wp\/v2\/exhibition\/4760","targetHints":{"allow":["GET"]}}],"collection":[{"href":"https:\/\/galerie-benden-ackermann.de\/de\/wp-json\/wp\/v2\/exhibition"}],"about":[{"href":"https:\/\/galerie-benden-ackermann.de\/de\/wp-json\/wp\/v2\/types\/exhibition"}],"author":[{"embeddable":true,"href":"https:\/\/galerie-benden-ackermann.de\/de\/wp-json\/wp\/v2\/users\/2"}],"version-history":[{"count":3,"href":"https:\/\/galerie-benden-ackermann.de\/de\/wp-json\/wp\/v2\/exhibition\/4760\/revisions"}],"predecessor-version":[{"id":4766,"href":"https:\/\/galerie-benden-ackermann.de\/de\/wp-json\/wp\/v2\/exhibition\/4760\/revisions\/4766"}],"wp:featuredmedia":[{"embeddable":true,"href":"https:\/\/galerie-benden-ackermann.de\/de\/wp-json\/wp\/v2\/media\/4761"}],"wp:attachment":[{"href":"https:\/\/galerie-benden-ackermann.de\/de\/wp-json\/wp\/v2\/media?parent=4760"}],"wp:term":[{"taxonomy":"post_tag","embeddable":true,"href":"https:\/\/galerie-benden-ackermann.de\/de\/wp-json\/wp\/v2\/tags?post=4760"}],"curies":[{"name":"wp","href":"https:\/\/api.w.org\/{rel}","templated":true}]}}

<p>Liebe Sammlerinnen und Sammler, liebe Freunde der Galerie,</p>
<p>im Rahmen der langen Sommernacht der K1 Galerien freuen wir uns, Sie herzlich zu der Eröffnung der Ausstellung Pop Art Pioniere einladen zu dürfen. Der K1 Rundgang bietet Gelegenheit, in ein reiches Geflecht bildender Kunst einzutauchen. Von Gemälden und Skulpturen bis hin zu Installationen und multimedialen Werken zeigen die 14 Galerien der Sommernacht ein breites Spektrum an bedeutender Kunst. Der K1 Rundgang ist eine Bereicherung für das Kölner Kulturgeschehen und wir freuen uns darauf, gemeinsam mit Ihnen Teil dieser Veranstaltung zu sein. Die Ausstellung widmet sich frühen Werken von Richard Lindner, James Rosenquist und Peter Phillips. Durch Konsumkultur, Alltagsgegenständen und Massenmedien inspiriert, prägten sie in den 1960er Jahren die frühe Pop-Art-Bewegung und ebneten dabei den Weg, die Pop-Art als bildende Kunst zu etablieren.</p>
<p>Wir freuen uns, Ihnen diese wichtigen Arbeiten präsentieren zu dürfen.</p>
<p>Ihre Galerie Benden &amp; Ackermann</p>
<table border="0" width="100%" cellspacing="0" cellpadding="0">
<tbody>
<tr>
<td class="fallback-innerfont" align="left">
<div>
<table class="m--row" border="0" width="100%" cellspacing="0" cellpadding="0">
<tbody>
<tr>
<th class="m--col" align="center" valign="middle" width="100%"></th>
</tr>
</tbody>
</table>
</div>
</td>
</tr>
</tbody>
</table>
