{"id":4901,"date":"2024-11-23T11:55:15","date_gmt":"2024-11-23T10:55:15","guid":{"rendered":"https:\/\/galerie-klaus-benden.de\/?post_type=exhibition&#038;p=4901"},"modified":"2025-08-15T14:12:26","modified_gmt":"2025-08-15T12:12:26","slug":"simon-evertz","status":"publish","type":"exhibition","link":"https:\/\/galerie-benden-ackermann.de\/de\/exhibition\/simon-evertz\/","title":{"rendered":"Simon Evertz \u2014 SILENCE"},"content":{"rendered":"<p>Liebe Sammlerinnen und Sammler, liebe Freunde der Galerie,<\/p>\n<p>wir freuen uns sehr, Sie zur Er\u00f6ffnung der Ausstellung Simon Evertz &#8222;SILENCE&#8220; in unsere Galerie nach D\u00fcsseldorf einzuladen.<\/p>\n<p>Simon Evertz, geboren 1988 in Neuss und Absolvent der Kunstakademie D\u00fcsseldorf, beeindruckt mit seinen gro\u00dfformatigen \u00d6lmalereien auf Leinwand und seinen uniaklen Holzschnitten. In seiner Zeit an der Kunstakademie war er von 2010 bis 2014 in der Master Class des renommierten d\u00e4nischen K\u00fcnstlers Tal R, welcher ihm nach Beendigung dieser, die M\u00f6glichkeit einr\u00e4umte, sich von 2014 bis 2016 unter Peter Doig, einem der aktuell gefragtesten Zeitgenossen weiterzuentwickeln, was seinen eigenen unverwechselbaren Stil gepr\u00e4gt hat.<\/p>\n<p>Seine meist figurativen Werke, die in sanften Pastellfarben erstrahlen, sind inspiriert von der Welt des Skateboardens, von Hockenmasken oder von mit Kussm\u00fcndern bemalten W\u00e4nden in Australien und strahlen eine faszinierende Ruhe und Sinnlichkeit aus. Lassen Sie sich von der Kreativit\u00e4t und Einzigartigkeit seiner Werke begeistern.<\/p>\n","protected":false},"author":2,"featured_media":4938,"template":"","tags":[],"class_list":["post-4901","exhibition","type-exhibition","status-publish","has-post-thumbnail","hentry"],"_links":{"self":[{"href":"https:\/\/galerie-benden-ackermann.de\/de\/wp-json\/wp\/v2\/exhibition\/4901","targetHints":{"allow":["GET"]}}],"collection":[{"href":"https:\/\/galerie-benden-ackermann.de\/de\/wp-json\/wp\/v2\/exhibition"}],"about":[{"href":"https:\/\/galerie-benden-ackermann.de\/de\/wp-json\/wp\/v2\/types\/exhibition"}],"author":[{"embeddable":true,"href":"https:\/\/galerie-benden-ackermann.de\/de\/wp-json\/wp\/v2\/users\/2"}],"version-history":[{"count":5,"href":"https:\/\/galerie-benden-ackermann.de\/de\/wp-json\/wp\/v2\/exhibition\/4901\/revisions"}],"predecessor-version":[{"id":4908,"href":"https:\/\/galerie-benden-ackermann.de\/de\/wp-json\/wp\/v2\/exhibition\/4901\/revisions\/4908"}],"wp:featuredmedia":[{"embeddable":true,"href":"https:\/\/galerie-benden-ackermann.de\/de\/wp-json\/wp\/v2\/media\/4938"}],"wp:attachment":[{"href":"https:\/\/galerie-benden-ackermann.de\/de\/wp-json\/wp\/v2\/media?parent=4901"}],"wp:term":[{"taxonomy":"post_tag","embeddable":true,"href":"https:\/\/galerie-benden-ackermann.de\/de\/wp-json\/wp\/v2\/tags?post=4901"}],"curies":[{"name":"wp","href":"https:\/\/api.w.org\/{rel}","templated":true}]}}

<p>Liebe Sammlerinnen und Sammler, liebe Freunde der Galerie,</p>
<p>wir freuen uns sehr, Sie zur Eröffnung der Ausstellung Simon Evertz &#8222;SILENCE&#8220; in unsere Galerie nach Düsseldorf einzuladen.</p>
<p>Simon Evertz, geboren 1988 in Neuss und Absolvent der Kunstakademie Düsseldorf, beeindruckt mit seinen großformatigen Ölmalereien auf Leinwand und seinen uniaklen Holzschnitten. In seiner Zeit an der Kunstakademie war er von 2010 bis 2014 in der Master Class des renommierten dänischen Künstlers Tal R, welcher ihm nach Beendigung dieser, die Möglichkeit einräumte, sich von 2014 bis 2016 unter Peter Doig, einem der aktuell gefragtesten Zeitgenossen weiterzuentwickeln, was seinen eigenen unverwechselbaren Stil geprägt hat.</p>
<p>Seine meist figurativen Werke, die in sanften Pastellfarben erstrahlen, sind inspiriert von der Welt des Skateboardens, von Hockenmasken oder von mit Kussmündern bemalten Wänden in Australien und strahlen eine faszinierende Ruhe und Sinnlichkeit aus. Lassen Sie sich von der Kreativität und Einzigartigkeit seiner Werke begeistern.</p>
