{"id":1075,"date":"2021-10-21T09:09:00","date_gmt":"2021-10-21T07:09:00","guid":{"rendered":"https:\/\/dev.galerie-klaus-benden.de\/?post_type=fair&#038;p=1075"},"modified":"2021-12-01T09:39:06","modified_gmt":"2021-12-01T08:39:06","slug":"art-cologne-2021","status":"publish","type":"fair","link":"https:\/\/galerie-benden-ackermann.de\/de\/fair\/art-cologne-2021\/","title":{"rendered":"Art Cologne 2021"},"content":{"rendered":"<p>Liebe Sammlerinnen und Sammler, liebe Freunde der Galerie, wir freuen uns sehr, dass die ART COLOGNE 2021 und somit der H\u00f6hepunkt im Kalender der Kunstwelt, dem Sie wie wir mit Vorfreude entgegengeblickt haben, wieder stattfindet.<\/p>\n<p>Wir haben die Zeit des weltweiten Lockdowns intensiv genutzt, um seltene Kunstwerke f\u00fcr das erste gemeinsame Kunsterlebnis 2021 zu offerieren.<\/p>\n<p>Insbesondere die diesj\u00e4hrige Museumsausstellung \u201eAndy Warhol Now\u201c im K\u00f6lner Museum Ludwig, war gro\u00dfer Ansporn f\u00fcr uns, herausragende sowie selten gezeigte Arbeiten des K\u00fcnstlers auf dem Weltmarkt zu akquirieren. Wir sind stolz, Ihnen diese auf der ART COLOGNE zeigen und anbieten zu k\u00f6nnen.<\/p>\n<p>Hier seien bereits einige Highlights genannt:<br \/>\n<strong>Andy Warhols<\/strong> Siebdruck \u201eFlowers\u201c von 1970, entstanden zur Zeit der Flower-Power und Hippie-Bewegung, die aus Protest gegen den Vietnamkrieg entstand. Wie die \u201eMarilyn\u201c-, die \u201eCampell Soup Cans\u201c-Serien wurde die \u201eFlowers\u201c-Serie zu einer Ikone der amerikanischen Pop Art und zu einem Synonym f\u00fcr Andy Warhols Kunst. Gleiches gilt f\u00fcr die beiden bekanntesten Portfolios seines Sp\u00e4twerks: \u201eJoseph Beuys\u201c und \u201eReigning Queens\u201c sowie einer Portraitzeichnung Man Rays\u2018 aus dem Jahr 1975.<\/p>\n<p><strong>Roy Lichtensteins<\/strong> \u201eCrying Girl\u201c aus dem Jahr 1963, der Holzschnitt \u201eDr. Waldmann\u201c von 1980 und das in der Technik des Siebdrucks und der Lithografie entstandene Werk \u201eStill Life with Pitcher and Flowers\u201c von 1974.<\/p>\n<p><strong>Tom Wesselmann<\/strong> ist als K\u00fcnstler der Galerie Klaus Benden traditionell stark vertreten. Ganz besonders hervorheben m\u00f6chte ich die Leinwand \u201eSmoker #18\u201c sowie drei fr\u00fche Zeichnungen von musealer Bedeutung. Wesselmanns erste Graphikedition aus dem Jahr 1963 ist ebenfalls auf unserem Messestand zu sehen.<\/p>\n<p>Im aktuellen zeitgen\u00f6ssischen Bereich zeigen wir neueste Arbeiten von <strong>Willi Siber<\/strong> und <strong>Hans Kotter<\/strong>. Viele von Ihnen haben bestimmt noch Kotters Ausstellung \u201eLicht-Farbe-Raum\u201c im MAKK, Museum f\u00fcr Angewandte Kunst K\u00f6ln im Fr\u00fchjahr 2020 in sch\u00f6ner Erinnerung.<\/p>\n<p>Wir freuen uns, Ihnen 2021 mit \u201eSeven Two Four\u201c von 2008 und \u201eGuildenstern\u201c von 1998 zwei seltene Arbeiten von Gerhard Richter pr\u00e4sentieren zu k\u00f6nnen.<\/p>\n<p>Bitte st\u00f6bern und entdecken Sie auf unserem Messestand noch vieles mehr. Wir freuen uns auf ein Wiedersehen mit Ihnen auch nach der ART COLOGNE in unserer Galerie am Media-Park.<\/p>\n<p>Bitte bleiben Sie gesund!<br \/>\nIhr Klaus Benden<\/p>\n<p><img loading=\"lazy\" decoding=\"async\" class=\"alignnone wp-image-3085\" src=\"https:\/\/galerie-klaus-benden.de\/wp-content\/uploads\/2021\/10\/galerie-klaus-benden-artcologne21-300x224.jpg\" alt=\"\" width=\"846\" height=\"632\" srcset=\"https:\/\/galerie-benden-ackermann.de\/wp-content\/uploads\/2021\/10\/galerie-klaus-benden-artcologne21-300x224.jpg 300w, https:\/\/galerie-benden-ackermann.de\/wp-content\/uploads\/2021\/10\/galerie-klaus-benden-artcologne21-1024x765.jpg 1024w, https:\/\/galerie-benden-ackermann.de\/wp-content\/uploads\/2021\/10\/galerie-klaus-benden-artcologne21-768x574.jpg 768w, https:\/\/galerie-benden-ackermann.de\/wp-content\/uploads\/2021\/10\/galerie-klaus-benden-artcologne21-1536x1148.jpg 1536w, https:\/\/galerie-benden-ackermann.de\/wp-content\/uploads\/2021\/10\/galerie-klaus-benden-artcologne21.jpg 1547w\" sizes=\"auto, (max-width: 1547px) 100vw, 1547px\" \/><\/p>\n<p>&nbsp;<\/p>\n<p><img loading=\"lazy\" decoding=\"async\" class=\"alignnone wp-image-3096\" src=\"https:\/\/galerie-klaus-benden.de\/wp-content\/uploads\/2021\/10\/galerie-klaus-benden-artcologne21-messestand-07-b-2-2-300x199.jpg\" alt=\"\" width=\"846\" height=\"561\" srcset=\"https:\/\/galerie-benden-ackermann.de\/wp-content\/uploads\/2021\/10\/galerie-klaus-benden-artcologne21-messestand-07-b-2-2-300x199.jpg 300w, https:\/\/galerie-benden-ackermann.de\/wp-content\/uploads\/2021\/10\/galerie-klaus-benden-artcologne21-messestand-07-b-2-2-1024x679.jpg 1024w, https:\/\/galerie-benden-ackermann.de\/wp-content\/uploads\/2021\/10\/galerie-klaus-benden-artcologne21-messestand-07-b-2-2-768x509.jpg 768w, https:\/\/galerie-benden-ackermann.de\/wp-content\/uploads\/2021\/10\/galerie-klaus-benden-artcologne21-messestand-07-b-2-2.jpg 1240w\" sizes=\"auto, (max-width: 1240px) 100vw, 1240px\" \/><\/p>\n<p>&nbsp;<\/p>\n<p><img loading=\"lazy\" decoding=\"async\" class=\"alignnone wp-image-3099\" src=\"https:\/\/galerie-klaus-benden.de\/wp-content\/uploads\/2021\/10\/galerie-klaus-benden-artcologne21-messestand-01-2-2-300x209.jpg\" alt=\"\" width=\"847\" height=\"590\" srcset=\"https:\/\/galerie-benden-ackermann.de\/wp-content\/uploads\/2021\/10\/galerie-klaus-benden-artcologne21-messestand-01-2-2-300x209.jpg 300w, https:\/\/galerie-benden-ackermann.de\/wp-content\/uploads\/2021\/10\/galerie-klaus-benden-artcologne21-messestand-01-2-2-1024x713.jpg 1024w, https:\/\/galerie-benden-ackermann.de\/wp-content\/uploads\/2021\/10\/galerie-klaus-benden-artcologne21-messestand-01-2-2-768x535.jpg 768w, https:\/\/galerie-benden-ackermann.de\/wp-content\/uploads\/2021\/10\/galerie-klaus-benden-artcologne21-messestand-01-2-2-1536x1069.jpg 1536w, https:\/\/galerie-benden-ackermann.de\/wp-content\/uploads\/2021\/10\/galerie-klaus-benden-artcologne21-messestand-01-2-2.jpg 1600w\" sizes=\"auto, (max-width: 1600px) 100vw, 1600px\" \/><\/p>\n","protected":false},"author":2,"featured_media":1077,"template":"","tags":[],"class_list":["post-1075","fair","type-fair","status-publish","has-post-thumbnail","hentry"],"_links":{"self":[{"href":"https:\/\/galerie-benden-ackermann.de\/de\/wp-json\/wp\/v2\/fair\/1075","targetHints":{"allow":["GET"]}}],"collection":[{"href":"https:\/\/galerie-benden-ackermann.de\/de\/wp-json\/wp\/v2\/fair"}],"about":[{"href":"https:\/\/galerie-benden-ackermann.de\/de\/wp-json\/wp\/v2\/types\/fair"}],"author":[{"embeddable":true,"href":"https:\/\/galerie-benden-ackermann.de\/de\/wp-json\/wp\/v2\/users\/2"}],"version-history":[{"count":29,"href":"https:\/\/galerie-benden-ackermann.de\/de\/wp-json\/wp\/v2\/fair\/1075\/revisions"}],"predecessor-version":[{"id":3101,"href":"https:\/\/galerie-benden-ackermann.de\/de\/wp-json\/wp\/v2\/fair\/1075\/revisions\/3101"}],"wp:featuredmedia":[{"embeddable":true,"href":"https:\/\/galerie-benden-ackermann.de\/de\/wp-json\/wp\/v2\/media\/1077"}],"wp:attachment":[{"href":"https:\/\/galerie-benden-ackermann.de\/de\/wp-json\/wp\/v2\/media?parent=1075"}],"wp:term":[{"taxonomy":"post_tag","embeddable":true,"href":"https:\/\/galerie-benden-ackermann.de\/de\/wp-json\/wp\/v2\/tags?post=1075"}],"curies":[{"name":"wp","href":"https:\/\/api.w.org\/{rel}","templated":true}]}}

<p>Liebe Sammlerinnen und Sammler, liebe Freunde der Galerie, wir freuen uns sehr, dass die ART COLOGNE 2021 und somit der Höhepunkt im Kalender der Kunstwelt, dem Sie wie wir mit Vorfreude entgegengeblickt haben, wieder stattfindet.</p>
<p>Wir haben die Zeit des weltweiten Lockdowns intensiv genutzt, um seltene Kunstwerke für das erste gemeinsame Kunsterlebnis 2021 zu offerieren.</p>
<p>Insbesondere die diesjährige Museumsausstellung „Andy Warhol Now“ im Kölner Museum Ludwig, war großer Ansporn für uns, herausragende sowie selten gezeigte Arbeiten des Künstlers auf dem Weltmarkt zu akquirieren. Wir sind stolz, Ihnen diese auf der ART COLOGNE zeigen und anbieten zu können.</p>
<p>Hier seien bereits einige Highlights genannt:<br />
<strong>Andy Warhols</strong> Siebdruck „Flowers“ von 1970, entstanden zur Zeit der Flower-Power und Hippie-Bewegung, die aus Protest gegen den Vietnamkrieg entstand. Wie die „Marilyn“-, die „Campell Soup Cans“-Serien wurde die „Flowers“-Serie zu einer Ikone der amerikanischen Pop Art und zu einem Synonym für Andy Warhols Kunst. Gleiches gilt für die beiden bekanntesten Portfolios seines Spätwerks: „Joseph Beuys“ und „Reigning Queens“ sowie einer Portraitzeichnung Man Rays‘ aus dem Jahr 1975.</p>
<p><strong>Roy Lichtensteins</strong> „Crying Girl“ aus dem Jahr 1963, der Holzschnitt „Dr. Waldmann“ von 1980 und das in der Technik des Siebdrucks und der Lithografie entstandene Werk „Still Life with Pitcher and Flowers“ von 1974.</p>
<p><strong>Tom Wesselmann</strong> ist als Künstler der Galerie Klaus Benden traditionell stark vertreten. Ganz besonders hervorheben möchte ich die Leinwand „Smoker #18“ sowie drei frühe Zeichnungen von musealer Bedeutung. Wesselmanns erste Graphikedition aus dem Jahr 1963 ist ebenfalls auf unserem Messestand zu sehen.</p>
<p>Im aktuellen zeitgenössischen Bereich zeigen wir neueste Arbeiten von <strong>Willi Siber</strong> und <strong>Hans Kotter</strong>. Viele von Ihnen haben bestimmt noch Kotters Ausstellung „Licht-Farbe-Raum“ im MAKK, Museum für Angewandte Kunst Köln im Frühjahr 2020 in schöner Erinnerung.</p>
<p>Wir freuen uns, Ihnen 2021 mit „Seven Two Four“ von 2008 und „Guildenstern“ von 1998 zwei seltene Arbeiten von Gerhard Richter präsentieren zu können.</p>
<p>Bitte stöbern und entdecken Sie auf unserem Messestand noch vieles mehr. Wir freuen uns auf ein Wiedersehen mit Ihnen auch nach der ART COLOGNE in unserer Galerie am Media-Park.</p>
<p>Bitte bleiben Sie gesund!<br />
Ihr Klaus Benden</p>
<p><img loading="lazy" decoding="async" class="alignnone wp-image-3085" src="https://galerie-klaus-benden.de/wp-content/uploads/2021/10/galerie-klaus-benden-artcologne21-300x224.jpg" alt="" width="846" height="632" srcset="https://galerie-benden-ackermann.de/wp-content/uploads/2021/10/galerie-klaus-benden-artcologne21-300x224.jpg 300w, https://galerie-benden-ackermann.de/wp-content/uploads/2021/10/galerie-klaus-benden-artcologne21-1024x765.jpg 1024w, https://galerie-benden-ackermann.de/wp-content/uploads/2021/10/galerie-klaus-benden-artcologne21-768x574.jpg 768w, https://galerie-benden-ackermann.de/wp-content/uploads/2021/10/galerie-klaus-benden-artcologne21-1536x1148.jpg 1536w, https://galerie-benden-ackermann.de/wp-content/uploads/2021/10/galerie-klaus-benden-artcologne21.jpg 1547w" sizes="auto, (max-width: 1547px) 100vw, 1547px" /></p>
<p>&nbsp;</p>
<p><img loading="lazy" decoding="async" class="alignnone wp-image-3096" src="https://galerie-klaus-benden.de/wp-content/uploads/2021/10/galerie-klaus-benden-artcologne21-messestand-07-b-2-2-300x199.jpg" alt="" width="846" height="561" srcset="https://galerie-benden-ackermann.de/wp-content/uploads/2021/10/galerie-klaus-benden-artcologne21-messestand-07-b-2-2-300x199.jpg 300w, https://galerie-benden-ackermann.de/wp-content/uploads/2021/10/galerie-klaus-benden-artcologne21-messestand-07-b-2-2-1024x679.jpg 1024w, https://galerie-benden-ackermann.de/wp-content/uploads/2021/10/galerie-klaus-benden-artcologne21-messestand-07-b-2-2-768x509.jpg 768w, https://galerie-benden-ackermann.de/wp-content/uploads/2021/10/galerie-klaus-benden-artcologne21-messestand-07-b-2-2.jpg 1240w" sizes="auto, (max-width: 1240px) 100vw, 1240px" /></p>
<p>&nbsp;</p>
<p><img loading="lazy" decoding="async" class="alignnone wp-image-3099" src="https://galerie-klaus-benden.de/wp-content/uploads/2021/10/galerie-klaus-benden-artcologne21-messestand-01-2-2-300x209.jpg" alt="" width="847" height="590" srcset="https://galerie-benden-ackermann.de/wp-content/uploads/2021/10/galerie-klaus-benden-artcologne21-messestand-01-2-2-300x209.jpg 300w, https://galerie-benden-ackermann.de/wp-content/uploads/2021/10/galerie-klaus-benden-artcologne21-messestand-01-2-2-1024x713.jpg 1024w, https://galerie-benden-ackermann.de/wp-content/uploads/2021/10/galerie-klaus-benden-artcologne21-messestand-01-2-2-768x535.jpg 768w, https://galerie-benden-ackermann.de/wp-content/uploads/2021/10/galerie-klaus-benden-artcologne21-messestand-01-2-2-1536x1069.jpg 1536w, https://galerie-benden-ackermann.de/wp-content/uploads/2021/10/galerie-klaus-benden-artcologne21-messestand-01-2-2.jpg 1600w" sizes="auto, (max-width: 1600px) 100vw, 1600px" /></p>
