{"id":2024,"date":"2021-11-04T14:29:11","date_gmt":"2021-11-04T13:29:11","guid":{"rendered":"https:\/\/dev.galerie-klaus-benden.de\/?post_type=fair&#038;p=2024"},"modified":"2021-11-11T11:06:43","modified_gmt":"2021-11-11T10:06:43","slug":"5-roter-kunstsalon","status":"publish","type":"fair","link":"https:\/\/galerie-benden-ackermann.de\/de\/fair\/5-roter-kunstsalon\/","title":{"rendered":"5. Roter Kunstsalon"},"content":{"rendered":"<p>Bereits zum f\u00fcnften Mal verwandelt sich das Museum Villa Rot f\u00fcr wenige Tage in einen bunten Salon mit Werken unterschiedlichster Gattungen. \u00c4hnlich wie die \u00f6ffentlichen oder privaten Zusammenk\u00fcnfte und Werkschauen seit dem 17. Jahrhundert, m\u00f6chte auch der Rote Kunstsalon einen Querschnitt durch aktuelle Tendenzen der Kunstwelt pr\u00e4sentieren und eine Plattform f\u00fcr den informellen Austausch bieten.<\/p>\n<p>Das Besondere an der Kunstmesse im beschaulichen Burgrieden-Rot ist dabei die intime Atmosph\u00e4re der R\u00e4umlichkeiten. Statt von einer Koje zur n\u00e4chsten eilen zu m\u00fcssen, finden die Besucherinnen und Besucher des Roten Kunstsalons Zeit f\u00fcr ausf\u00fchrliche Gespr\u00e4che und intensive Betrachtungen.<\/p>\n<p><img loading=\"lazy\" decoding=\"async\" class=\"alignnone wp-image-2025\" src=\"https:\/\/galerie-klaus-benden.de\/wp-content\/uploads\/2021\/11\/galerie-klaus-benden-villa-rot-innen-2-300x287.jpg\" alt=\"\" width=\"526\" height=\"503\" srcset=\"https:\/\/galerie-benden-ackermann.de\/wp-content\/uploads\/2021\/11\/galerie-klaus-benden-villa-rot-innen-2-300x287.jpg 300w, https:\/\/galerie-benden-ackermann.de\/wp-content\/uploads\/2021\/11\/galerie-klaus-benden-villa-rot-innen-2-1024x981.jpg 1024w, https:\/\/galerie-benden-ackermann.de\/wp-content\/uploads\/2021\/11\/galerie-klaus-benden-villa-rot-innen-2-768x735.jpg 768w, https:\/\/galerie-benden-ackermann.de\/wp-content\/uploads\/2021\/11\/galerie-klaus-benden-villa-rot-innen-2.jpg 1415w\" sizes=\"auto, (max-width: 1415px) 100vw, 1415px\" \/><\/p>\n","protected":false},"author":2,"featured_media":2028,"template":"","tags":[],"class_list":["post-2024","fair","type-fair","status-publish","has-post-thumbnail","hentry"],"_links":{"self":[{"href":"https:\/\/galerie-benden-ackermann.de\/de\/wp-json\/wp\/v2\/fair\/2024","targetHints":{"allow":["GET"]}}],"collection":[{"href":"https:\/\/galerie-benden-ackermann.de\/de\/wp-json\/wp\/v2\/fair"}],"about":[{"href":"https:\/\/galerie-benden-ackermann.de\/de\/wp-json\/wp\/v2\/types\/fair"}],"author":[{"embeddable":true,"href":"https:\/\/galerie-benden-ackermann.de\/de\/wp-json\/wp\/v2\/users\/2"}],"version-history":[{"count":4,"href":"https:\/\/galerie-benden-ackermann.de\/de\/wp-json\/wp\/v2\/fair\/2024\/revisions"}],"predecessor-version":[{"id":2797,"href":"https:\/\/galerie-benden-ackermann.de\/de\/wp-json\/wp\/v2\/fair\/2024\/revisions\/2797"}],"wp:featuredmedia":[{"embeddable":true,"href":"https:\/\/galerie-benden-ackermann.de\/de\/wp-json\/wp\/v2\/media\/2028"}],"wp:attachment":[{"href":"https:\/\/galerie-benden-ackermann.de\/de\/wp-json\/wp\/v2\/media?parent=2024"}],"wp:term":[{"taxonomy":"post_tag","embeddable":true,"href":"https:\/\/galerie-benden-ackermann.de\/de\/wp-json\/wp\/v2\/tags?post=2024"}],"curies":[{"name":"wp","href":"https:\/\/api.w.org\/{rel}","templated":true}]}}

<p>Bereits zum fünften Mal verwandelt sich das Museum Villa Rot für wenige Tage in einen bunten Salon mit Werken unterschiedlichster Gattungen. Ähnlich wie die öffentlichen oder privaten Zusammenkünfte und Werkschauen seit dem 17. Jahrhundert, möchte auch der Rote Kunstsalon einen Querschnitt durch aktuelle Tendenzen der Kunstwelt präsentieren und eine Plattform für den informellen Austausch bieten.</p>
<p>Das Besondere an der Kunstmesse im beschaulichen Burgrieden-Rot ist dabei die intime Atmosphäre der Räumlichkeiten. Statt von einer Koje zur nächsten eilen zu müssen, finden die Besucherinnen und Besucher des Roten Kunstsalons Zeit für ausführliche Gespräche und intensive Betrachtungen.</p>
<p><img loading="lazy" decoding="async" class="alignnone wp-image-2025" src="https://galerie-klaus-benden.de/wp-content/uploads/2021/11/galerie-klaus-benden-villa-rot-innen-2-300x287.jpg" alt="" width="526" height="503" srcset="https://galerie-benden-ackermann.de/wp-content/uploads/2021/11/galerie-klaus-benden-villa-rot-innen-2-300x287.jpg 300w, https://galerie-benden-ackermann.de/wp-content/uploads/2021/11/galerie-klaus-benden-villa-rot-innen-2-1024x981.jpg 1024w, https://galerie-benden-ackermann.de/wp-content/uploads/2021/11/galerie-klaus-benden-villa-rot-innen-2-768x735.jpg 768w, https://galerie-benden-ackermann.de/wp-content/uploads/2021/11/galerie-klaus-benden-villa-rot-innen-2.jpg 1415w" sizes="auto, (max-width: 1415px) 100vw, 1415px" /></p>
