{"id":32,"date":"2021-05-28T16:49:22","date_gmt":"2021-05-28T14:49:22","guid":{"rendered":"http:\/\/dev.galerie-klaus-benden.de\/?post_type=fair&#038;p=32"},"modified":"2021-11-11T11:07:01","modified_gmt":"2021-11-11T10:07:01","slug":"6_roter_kunstsalon","status":"publish","type":"fair","link":"https:\/\/galerie-benden-ackermann.de\/de\/fair\/6_roter_kunstsalon\/","title":{"rendered":"6. Roter Kunstsalon"},"content":{"rendered":"<p>Bereits zum sechsten Mal verwandelt sich das Museum Villa Rot f\u00fcr wenige Tage in eine kleine, hochwertige Kunstmesse. Neben der Galerie Klaus Benden, zeigen 11 weitere Galerien aus dem In- und Ausland einen Querschnitt aus ihrem Programm. Das Besondere an der Kunstmesse im beschaulichen Burgrieden-Rot ist die intime Atmosph\u00e4re der R\u00e4umlichkeiten. Statt von einer Koje zur n\u00e4chsten eilen zu m\u00fcssen, finden die Besucherinnen und Besucher des Roten Kunstsalons Zeit f\u00fcr ausf\u00fchrliche Gespr\u00e4che und herausragende Kunstwerke zur Erweiterung Ihrer Sammlung.<\/p>\n<p>Neben Ausz\u00fcgen aus unserer Ausstellung TOM WESSELMANN \u201eI only want to paint\u201c, zeigen wir Werke der Pop-Art-Legenden Andy Warhol, Alex Katz, Mel Ramos und Robert Indiana.<\/p>\n","protected":false},"author":1,"featured_media":968,"template":"","tags":[],"class_list":["post-32","fair","type-fair","status-publish","has-post-thumbnail","hentry"],"_links":{"self":[{"href":"https:\/\/galerie-benden-ackermann.de\/de\/wp-json\/wp\/v2\/fair\/32","targetHints":{"allow":["GET"]}}],"collection":[{"href":"https:\/\/galerie-benden-ackermann.de\/de\/wp-json\/wp\/v2\/fair"}],"about":[{"href":"https:\/\/galerie-benden-ackermann.de\/de\/wp-json\/wp\/v2\/types\/fair"}],"author":[{"embeddable":true,"href":"https:\/\/galerie-benden-ackermann.de\/de\/wp-json\/wp\/v2\/users\/1"}],"version-history":[{"count":19,"href":"https:\/\/galerie-benden-ackermann.de\/de\/wp-json\/wp\/v2\/fair\/32\/revisions"}],"predecessor-version":[{"id":2799,"href":"https:\/\/galerie-benden-ackermann.de\/de\/wp-json\/wp\/v2\/fair\/32\/revisions\/2799"}],"wp:featuredmedia":[{"embeddable":true,"href":"https:\/\/galerie-benden-ackermann.de\/de\/wp-json\/wp\/v2\/media\/968"}],"wp:attachment":[{"href":"https:\/\/galerie-benden-ackermann.de\/de\/wp-json\/wp\/v2\/media?parent=32"}],"wp:term":[{"taxonomy":"post_tag","embeddable":true,"href":"https:\/\/galerie-benden-ackermann.de\/de\/wp-json\/wp\/v2\/tags?post=32"}],"curies":[{"name":"wp","href":"https:\/\/api.w.org\/{rel}","templated":true}]}}

<p>Bereits zum sechsten Mal verwandelt sich das Museum Villa Rot für wenige Tage in eine kleine, hochwertige Kunstmesse. Neben der Galerie Klaus Benden, zeigen 11 weitere Galerien aus dem In- und Ausland einen Querschnitt aus ihrem Programm. Das Besondere an der Kunstmesse im beschaulichen Burgrieden-Rot ist die intime Atmosphäre der Räumlichkeiten. Statt von einer Koje zur nächsten eilen zu müssen, finden die Besucherinnen und Besucher des Roten Kunstsalons Zeit für ausführliche Gespräche und herausragende Kunstwerke zur Erweiterung Ihrer Sammlung.</p>
<p>Neben Auszügen aus unserer Ausstellung TOM WESSELMANN „I only want to paint“, zeigen wir Werke der Pop-Art-Legenden Andy Warhol, Alex Katz, Mel Ramos und Robert Indiana.</p>
