{"id":3284,"date":"2021-12-08T09:35:13","date_gmt":"2021-12-08T08:35:13","guid":{"rendered":"https:\/\/galerie-klaus-benden.de\/?post_type=fair&#038;p=3284"},"modified":"2023-10-28T12:23:30","modified_gmt":"2023-10-28T10:23:30","slug":"art-karlsruhe-2022","status":"publish","type":"fair","link":"https:\/\/galerie-benden-ackermann.de\/de\/fair\/art-karlsruhe-2022\/","title":{"rendered":"Art KARLSRUHE 2022"},"content":{"rendered":"<p><strong>Halle 1 Stand Nr. H1\/C07<\/strong><\/p>\n<p>&nbsp;<\/p>\n<p>Ein sommerliches Kunsterlebnis verspricht die diesj\u00e4hrige art KARLSRUHE. Traditionell pr\u00e4sentieren mehr als 200 national und international renommierte Galerien aus \u00fcber 15 L\u00e4ndern in den Karlsruher Messehallen ein breites Spektrum der Kunst des 20. Jahrhunderts sowie der Gegenwartskunst. Das gekonnte Wechselspiel zwischen Galerie-Kojen, One-Artist Shows, gro\u00dfz\u00fcgigen Skulpturenpl\u00e4tzen und spannenden Sonderausstellungen macht die art KARLSRUHE zu einem ganz besonderen Kunsterlebnis.<\/p>\n<p>Flankiert von herausragenden Werken der amerikanischen <strong>Pop Art<\/strong>, widmen wir unsere diesj\u00e4hrige One-Artist-Show dem in Baden-W\u00fcrttemberg ans\u00e4ssigen und langj\u00e4hrigen K\u00fcnstler der Galerie <strong>WILLI SIBER.<\/strong><\/p>\n<p>Auf unserem Messestand, <strong>Halle 1, Stand H1\/C07<\/strong>, offerieren wir u.a. Arbeiten von<\/p>\n<p style=\"text-align: center;\"><strong>\u00a0 \u00a0 TOM WESSELMANN\u00a0\u00a0 \u2022\u00a0 ANDY WARHOL\u00a0\u00a0 \u2022\u00a0 ROY LICHTENSTEIN\u00a0\u00a0 <\/strong><\/p>\n<p style=\"text-align: center;\"><strong>\u00a0ROBERT INDIANA\u00a0\u00a0 \u2022\u00a0 ALEX KATZ\u00a0\u00a0 <\/strong><strong>\u2022\u00a0 <\/strong><strong>ROBERT RAUSCHENBERG<\/strong><strong>\u00a0 \u00a0 <\/strong><\/p>\n<p style=\"text-align: center;\"><strong>\u00a0 MEL RAMOS\u00a0 \u00a0\u2022\u00a0 Willi Siber<\/strong><\/p>\n","protected":false},"author":2,"featured_media":3410,"template":"","tags":[],"class_list":["post-3284","fair","type-fair","status-publish","has-post-thumbnail","hentry"],"_links":{"self":[{"href":"https:\/\/galerie-benden-ackermann.de\/de\/wp-json\/wp\/v2\/fair\/3284","targetHints":{"allow":["GET"]}}],"collection":[{"href":"https:\/\/galerie-benden-ackermann.de\/de\/wp-json\/wp\/v2\/fair"}],"about":[{"href":"https:\/\/galerie-benden-ackermann.de\/de\/wp-json\/wp\/v2\/types\/fair"}],"author":[{"embeddable":true,"href":"https:\/\/galerie-benden-ackermann.de\/de\/wp-json\/wp\/v2\/users\/2"}],"version-history":[{"count":8,"href":"https:\/\/galerie-benden-ackermann.de\/de\/wp-json\/wp\/v2\/fair\/3284\/revisions"}],"predecessor-version":[{"id":4536,"href":"https:\/\/galerie-benden-ackermann.de\/de\/wp-json\/wp\/v2\/fair\/3284\/revisions\/4536"}],"wp:featuredmedia":[{"embeddable":true,"href":"https:\/\/galerie-benden-ackermann.de\/de\/wp-json\/wp\/v2\/media\/3410"}],"wp:attachment":[{"href":"https:\/\/galerie-benden-ackermann.de\/de\/wp-json\/wp\/v2\/media?parent=3284"}],"wp:term":[{"taxonomy":"post_tag","embeddable":true,"href":"https:\/\/galerie-benden-ackermann.de\/de\/wp-json\/wp\/v2\/tags?post=3284"}],"curies":[{"name":"wp","href":"https:\/\/api.w.org\/{rel}","templated":true}]}}

<p><strong>Halle 1 Stand Nr. H1/C07</strong></p>
<p>&nbsp;</p>
<p>Ein sommerliches Kunsterlebnis verspricht die diesjährige art KARLSRUHE. Traditionell präsentieren mehr als 200 national und international renommierte Galerien aus über 15 Ländern in den Karlsruher Messehallen ein breites Spektrum der Kunst des 20. Jahrhunderts sowie der Gegenwartskunst. Das gekonnte Wechselspiel zwischen Galerie-Kojen, One-Artist Shows, großzügigen Skulpturenplätzen und spannenden Sonderausstellungen macht die art KARLSRUHE zu einem ganz besonderen Kunsterlebnis.</p>
<p>Flankiert von herausragenden Werken der amerikanischen <strong>Pop Art</strong>, widmen wir unsere diesjährige One-Artist-Show dem in Baden-Württemberg ansässigen und langjährigen Künstler der Galerie <strong>WILLI SIBER.</strong></p>
<p>Auf unserem Messestand, <strong>Halle 1, Stand H1/C07</strong>, offerieren wir u.a. Arbeiten von</p>
<p style="text-align: center;"><strong>    TOM WESSELMANN   •  ANDY WARHOL   •  ROY LICHTENSTEIN   </strong></p>
<p style="text-align: center;"><strong> ROBERT INDIANA   •  ALEX KATZ   </strong><strong>•  </strong><strong>ROBERT RAUSCHENBERG</strong><strong>    </strong></p>
<p style="text-align: center;"><strong>  MEL RAMOS   •  Willi Siber</strong></p>
