{"id":3452,"date":"2022-08-02T14:43:50","date_gmt":"2022-08-02T12:43:50","guid":{"rendered":"https:\/\/galerie-klaus-benden.de\/?post_type=fair&#038;p=3452"},"modified":"2022-08-02T14:43:50","modified_gmt":"2022-08-02T12:43:50","slug":"7-roter-kunstsalon","status":"publish","type":"fair","link":"https:\/\/galerie-benden-ackermann.de\/de\/fair\/7-roter-kunstsalon\/","title":{"rendered":"7. Roter Kunstsalon"},"content":{"rendered":"<p>Bereits zum siebten Mal verwandelt sich das Museum Villa Rot f\u00fcr wenige Tage in eine kleine, hochwertige Kunstmesse. 12 Galerien aus dem In- und Ausland sind zu Gast, um einen Querschnitt aus ihrem Programm zu zeigen. Das Publikum erh\u00e4lt so Einblicke in das aktuelle Kunstgeschehen und kann direkt mit K\u00fcnstler*innen und Galerist*innen \u00fcber deren Arbeit\u00a0<span class=\"text_exposed_show\">sprechen.<\/span><\/p>\n","protected":false},"author":2,"featured_media":3453,"template":"","tags":[],"class_list":["post-3452","fair","type-fair","status-publish","has-post-thumbnail","hentry"],"_links":{"self":[{"href":"https:\/\/galerie-benden-ackermann.de\/de\/wp-json\/wp\/v2\/fair\/3452","targetHints":{"allow":["GET"]}}],"collection":[{"href":"https:\/\/galerie-benden-ackermann.de\/de\/wp-json\/wp\/v2\/fair"}],"about":[{"href":"https:\/\/galerie-benden-ackermann.de\/de\/wp-json\/wp\/v2\/types\/fair"}],"author":[{"embeddable":true,"href":"https:\/\/galerie-benden-ackermann.de\/de\/wp-json\/wp\/v2\/users\/2"}],"version-history":[{"count":1,"href":"https:\/\/galerie-benden-ackermann.de\/de\/wp-json\/wp\/v2\/fair\/3452\/revisions"}],"predecessor-version":[{"id":3456,"href":"https:\/\/galerie-benden-ackermann.de\/de\/wp-json\/wp\/v2\/fair\/3452\/revisions\/3456"}],"wp:featuredmedia":[{"embeddable":true,"href":"https:\/\/galerie-benden-ackermann.de\/de\/wp-json\/wp\/v2\/media\/3453"}],"wp:attachment":[{"href":"https:\/\/galerie-benden-ackermann.de\/de\/wp-json\/wp\/v2\/media?parent=3452"}],"wp:term":[{"taxonomy":"post_tag","embeddable":true,"href":"https:\/\/galerie-benden-ackermann.de\/de\/wp-json\/wp\/v2\/tags?post=3452"}],"curies":[{"name":"wp","href":"https:\/\/api.w.org\/{rel}","templated":true}]}}

<p>Bereits zum siebten Mal verwandelt sich das Museum Villa Rot für wenige Tage in eine kleine, hochwertige Kunstmesse. 12 Galerien aus dem In- und Ausland sind zu Gast, um einen Querschnitt aus ihrem Programm zu zeigen. Das Publikum erhält so Einblicke in das aktuelle Kunstgeschehen und kann direkt mit Künstler*innen und Galerist*innen über deren Arbeit <span class="text_exposed_show">sprechen.</span></p>
