{"id":4546,"date":"2023-11-02T13:05:32","date_gmt":"2023-11-02T12:05:32","guid":{"rendered":"https:\/\/galerie-klaus-benden.de\/?post_type=fair&#038;p=4546"},"modified":"2024-12-20T11:58:42","modified_gmt":"2024-12-20T10:58:42","slug":"art-karlsruhe-2024","status":"publish","type":"fair","link":"https:\/\/galerie-benden-ackermann.de\/de\/fair\/art-karlsruhe-2024\/","title":{"rendered":"Art KARLSRUHE 2025"},"content":{"rendered":"<p style=\"font-weight: 400;\">Liebe Sammlerinnen und Sammler, liebe Freunde der Galerie,<\/p>\n<p style=\"font-weight: 400;\">wir freuen uns sehr dar\u00fcber, Sie wieder auf unserem Messestand der Art Karlsruhe 2025 begr\u00fc\u00dfen zu d\u00fcrfen.<\/p>\n<p style=\"font-weight: 400;\">Die Art Karlsruhe bietet einen beeindruckenden Schauplatz f\u00fcr klassische Moderne und Gegenwartskunst. Dabei werden sowohl etablierte K\u00fcnstler als auch aufstrebende Kunstschaffende von den rund 200 nationalen und internationalen Galerien vorgestellt.<\/p>\n<p style=\"font-weight: 400;\">Neben einer sorgf\u00e4ltig kuratierten Auswahl an Kunstwerken der amerikanischen Pop-Art widmen wir dem in Neuss ans\u00e4ssigen K\u00fcnstler Simon Evertz unsere diesj\u00e4hrige One-Artist-Show. Entdecken Sie seine faszinierenden Werke und lassen Sie sich von seinem kreativen Talent begeistern.<\/p>\n<p style=\"text-align: center;\"><strong>\u00a0<\/strong><\/p>\n<p style=\"text-align: center;\"><strong>TOM WESSELMANN\u00a0 \u00a0\u2022\u00a0 ANDY WARHOL\u00a0\u00a0 \u2022\u00a0 ROY LICHTENSTEIN\u00a0\u00a0<\/strong><\/p>\n<p style=\"text-align: center;\"><strong>\u00a0ROBERT INDIANA\u00a0\u00a0 \u2022\u00a0 ALEX KATZ\u00a0\u00a0<\/strong><strong>\u2022\u00a0 <\/strong><strong>ROBERT RAUSCHENBERG<\/strong><strong>\u00a0 \u00a0<\/strong><\/p>\n<p style=\"text-align: center;\"><strong>\u00a0 MEL RAMOS\u00a0 \u00a0\u2022\u00a0 \u00a0WILLI SIBER\u00a0 \u00a0\u2022\u00a0 \u00a0SIMON EVERTZ<\/strong><\/p>\n<p>&nbsp;<\/p>\n<p><em>Preview: 19.02.2025, 13:00 &#8211; 20:00 Uhr<\/em><\/p>\n","protected":false},"author":2,"featured_media":4917,"template":"","tags":[],"class_list":["post-4546","fair","type-fair","status-publish","has-post-thumbnail","hentry"],"_links":{"self":[{"href":"https:\/\/galerie-benden-ackermann.de\/de\/wp-json\/wp\/v2\/fair\/4546","targetHints":{"allow":["GET"]}}],"collection":[{"href":"https:\/\/galerie-benden-ackermann.de\/de\/wp-json\/wp\/v2\/fair"}],"about":[{"href":"https:\/\/galerie-benden-ackermann.de\/de\/wp-json\/wp\/v2\/types\/fair"}],"author":[{"embeddable":true,"href":"https:\/\/galerie-benden-ackermann.de\/de\/wp-json\/wp\/v2\/users\/2"}],"version-history":[{"count":7,"href":"https:\/\/galerie-benden-ackermann.de\/de\/wp-json\/wp\/v2\/fair\/4546\/revisions"}],"predecessor-version":[{"id":4912,"href":"https:\/\/galerie-benden-ackermann.de\/de\/wp-json\/wp\/v2\/fair\/4546\/revisions\/4912"}],"wp:featuredmedia":[{"embeddable":true,"href":"https:\/\/galerie-benden-ackermann.de\/de\/wp-json\/wp\/v2\/media\/4917"}],"wp:attachment":[{"href":"https:\/\/galerie-benden-ackermann.de\/de\/wp-json\/wp\/v2\/media?parent=4546"}],"wp:term":[{"taxonomy":"post_tag","embeddable":true,"href":"https:\/\/galerie-benden-ackermann.de\/de\/wp-json\/wp\/v2\/tags?post=4546"}],"curies":[{"name":"wp","href":"https:\/\/api.w.org\/{rel}","templated":true}]}}

<p style="font-weight: 400;">Liebe Sammlerinnen und Sammler, liebe Freunde der Galerie,</p>
<p style="font-weight: 400;">wir freuen uns sehr darüber, Sie wieder auf unserem Messestand der Art Karlsruhe 2025 begrüßen zu dürfen.</p>
<p style="font-weight: 400;">Die Art Karlsruhe bietet einen beeindruckenden Schauplatz für klassische Moderne und Gegenwartskunst. Dabei werden sowohl etablierte Künstler als auch aufstrebende Kunstschaffende von den rund 200 nationalen und internationalen Galerien vorgestellt.</p>
<p style="font-weight: 400;">Neben einer sorgfältig kuratierten Auswahl an Kunstwerken der amerikanischen Pop-Art widmen wir dem in Neuss ansässigen Künstler Simon Evertz unsere diesjährige One-Artist-Show. Entdecken Sie seine faszinierenden Werke und lassen Sie sich von seinem kreativen Talent begeistern.</p>
<p style="text-align: center;"><strong> </strong></p>
<p style="text-align: center;"><strong>TOM WESSELMANN   •  ANDY WARHOL   •  ROY LICHTENSTEIN  </strong></p>
<p style="text-align: center;"><strong> ROBERT INDIANA   •  ALEX KATZ  </strong><strong>•  </strong><strong>ROBERT RAUSCHENBERG</strong><strong>   </strong></p>
<p style="text-align: center;"><strong>  MEL RAMOS   •   WILLI SIBER   •   SIMON EVERTZ</strong></p>
<p>&nbsp;</p>
<p><em>Preview: 19.02.2025, 13:00 &#8211; 20:00 Uhr</em></p>
