{"id":5246,"date":"2025-10-27T11:00:13","date_gmt":"2025-10-27T10:00:13","guid":{"rendered":"https:\/\/galerie-benden-ackermann.de\/?post_type=fair&#038;p=5246"},"modified":"2025-10-27T11:00:13","modified_gmt":"2025-10-27T10:00:13","slug":"art-cologne-2025","status":"publish","type":"fair","link":"https:\/\/galerie-benden-ackermann.de\/de\/fair\/art-cologne-2025\/","title":{"rendered":"Art Cologne 2025"},"content":{"rendered":"<p data-start=\"0\" data-end=\"396\">Wir freuen uns sehr, in diesem Jahr erneut an der <strong data-start=\"50\" data-end=\"70\">ART COLOGNE 2025<\/strong> teilzunehmen, der \u00e4ltesten und zugleich bedeutendsten Messe f\u00fcr moderne und zeitgen\u00f6ssische Kunst weltweit. Vom <strong data-start=\"184\" data-end=\"211\">6. bis 9. November 2025<\/strong> \u00f6ffnet die Koelnmesse ihre Tore f\u00fcr internationale Galerien, Sammlerinnen, K\u00fcnstler und Kunstliebhaber und verwandelt K\u00f6ln in einen lebendigen Treffpunkt f\u00fcr den globalen Kunstmarkt.<\/p>\n<p data-start=\"398\" data-end=\"891\">F\u00fcr uns ist die Teilnahme an der ART COLOGNE jedes Jahr ein besonderes Ereignis. Sie bietet die M\u00f6glichkeit, unsere K\u00fcnstlerinnen und K\u00fcnstler in einem internationalen Kontext zu pr\u00e4sentieren und neue wie auch langj\u00e4hrige Sammlerinnen und Sammler pers\u00f6nlich zu treffen. In diesem Jahr zeigen wir eine kuratierte Auswahl herausragender Werke aus unserem Programm, von seltenen Unikaten bis hin zu besonderen Editionen, die die Vielseitigkeit und Qualit\u00e4t unserer Galeriearbeit widerspiegeln.<\/p>\n<p data-start=\"893\" data-end=\"1262\">Besonders freuen wir uns, einige neue Positionen vorstellen zu d\u00fcrfen, die in spannender Weise den Dialog zwischen moderner und zeitgen\u00f6ssischer Kunst fortf\u00fchren. Neben ikonischen Arbeiten von international renommierten K\u00fcnstlern werden auch aktuelle Werke gezeigt, die den lebendigen Austausch zwischen Material, Form und Idee auf eindrucksvolle Weise verdeutlichen.<\/p>\n<p data-start=\"1264\" data-end=\"1584\">Wir laden Sie herzlich ein, uns auf der ART COLOGNE zu besuchen und die pr\u00e4sentierten Arbeiten in Ruhe zu entdecken. Gern nehmen wir uns Zeit f\u00fcr pers\u00f6nliche Gespr\u00e4che und F\u00fchrungen durch unseren Stand. Auf Wunsch bieten wir auch die M\u00f6glichkeit, ausgew\u00e4hlte Werke bereits im Vorfeld im privaten Rahmen zu besichtigen.<\/p>\n<p data-start=\"1586\" data-end=\"1833\">Die <strong data-start=\"1590\" data-end=\"1610\">ART COLOGNE 2025<\/strong> findet auf dem Gel\u00e4nde der Koelnmesse, Messeplatz 1 in K\u00f6ln-Deutz, statt. Weitere Informationen zu \u00d6ffnungszeiten und Ticketverkauf finden Sie auf der offiziellen Website <a class=\"decorated-link\" href=\"https:\/\/www.artcologne.com\/?utm_source=chatgpt.com\" target=\"_new\" rel=\"noopener\" data-start=\"1782\" data-end=\"1830\">www.artcologne.com<\/a>.<\/p>\n<p data-start=\"1835\" data-end=\"2004\" data-is-last-node=\"\" data-is-only-node=\"\">Wir freuen uns auf inspirierende Begegnungen, spannende Gespr\u00e4che und darauf, Ihnen unsere K\u00fcnstlerinnen und K\u00fcnstler in diesem besonderen Rahmen pr\u00e4sentieren zu d\u00fcrfen.<\/p>\n","protected":false},"author":2,"featured_media":4786,"template":"","tags":[],"class_list":["post-5246","fair","type-fair","status-publish","has-post-thumbnail","hentry"],"_links":{"self":[{"href":"https:\/\/galerie-benden-ackermann.de\/de\/wp-json\/wp\/v2\/fair\/5246","targetHints":{"allow":["GET"]}}],"collection":[{"href":"https:\/\/galerie-benden-ackermann.de\/de\/wp-json\/wp\/v2\/fair"}],"about":[{"href":"https:\/\/galerie-benden-ackermann.de\/de\/wp-json\/wp\/v2\/types\/fair"}],"author":[{"embeddable":true,"href":"https:\/\/galerie-benden-ackermann.de\/de\/wp-json\/wp\/v2\/users\/2"}],"version-history":[{"count":1,"href":"https:\/\/galerie-benden-ackermann.de\/de\/wp-json\/wp\/v2\/fair\/5246\/revisions"}],"predecessor-version":[{"id":5247,"href":"https:\/\/galerie-benden-ackermann.de\/de\/wp-json\/wp\/v2\/fair\/5246\/revisions\/5247"}],"wp:featuredmedia":[{"embeddable":true,"href":"https:\/\/galerie-benden-ackermann.de\/de\/wp-json\/wp\/v2\/media\/4786"}],"wp:attachment":[{"href":"https:\/\/galerie-benden-ackermann.de\/de\/wp-json\/wp\/v2\/media?parent=5246"}],"wp:term":[{"taxonomy":"post_tag","embeddable":true,"href":"https:\/\/galerie-benden-ackermann.de\/de\/wp-json\/wp\/v2\/tags?post=5246"}],"curies":[{"name":"wp","href":"https:\/\/api.w.org\/{rel}","templated":true}]}}

<p data-start="0" data-end="396">Wir freuen uns sehr, in diesem Jahr erneut an der <strong data-start="50" data-end="70">ART COLOGNE 2025</strong> teilzunehmen, der ältesten und zugleich bedeutendsten Messe für moderne und zeitgenössische Kunst weltweit. Vom <strong data-start="184" data-end="211">6. bis 9. November 2025</strong> öffnet die Koelnmesse ihre Tore für internationale Galerien, Sammlerinnen, Künstler und Kunstliebhaber und verwandelt Köln in einen lebendigen Treffpunkt für den globalen Kunstmarkt.</p>
<p data-start="398" data-end="891">Für uns ist die Teilnahme an der ART COLOGNE jedes Jahr ein besonderes Ereignis. Sie bietet die Möglichkeit, unsere Künstlerinnen und Künstler in einem internationalen Kontext zu präsentieren und neue wie auch langjährige Sammlerinnen und Sammler persönlich zu treffen. In diesem Jahr zeigen wir eine kuratierte Auswahl herausragender Werke aus unserem Programm, von seltenen Unikaten bis hin zu besonderen Editionen, die die Vielseitigkeit und Qualität unserer Galeriearbeit widerspiegeln.</p>
<p data-start="893" data-end="1262">Besonders freuen wir uns, einige neue Positionen vorstellen zu dürfen, die in spannender Weise den Dialog zwischen moderner und zeitgenössischer Kunst fortführen. Neben ikonischen Arbeiten von international renommierten Künstlern werden auch aktuelle Werke gezeigt, die den lebendigen Austausch zwischen Material, Form und Idee auf eindrucksvolle Weise verdeutlichen.</p>
<p data-start="1264" data-end="1584">Wir laden Sie herzlich ein, uns auf der ART COLOGNE zu besuchen und die präsentierten Arbeiten in Ruhe zu entdecken. Gern nehmen wir uns Zeit für persönliche Gespräche und Führungen durch unseren Stand. Auf Wunsch bieten wir auch die Möglichkeit, ausgewählte Werke bereits im Vorfeld im privaten Rahmen zu besichtigen.</p>
<p data-start="1586" data-end="1833">Die <strong data-start="1590" data-end="1610">ART COLOGNE 2025</strong> findet auf dem Gelände der Koelnmesse, Messeplatz 1 in Köln-Deutz, statt. Weitere Informationen zu Öffnungszeiten und Ticketverkauf finden Sie auf der offiziellen Website <a class="decorated-link" href="https://www.artcologne.com/?utm_source=chatgpt.com" target="_new" rel="noopener" data-start="1782" data-end="1830">www.artcologne.com</a>.</p>
<p data-start="1835" data-end="2004" data-is-last-node="" data-is-only-node="">Wir freuen uns auf inspirierende Begegnungen, spannende Gespräche und darauf, Ihnen unsere Künstlerinnen und Künstler in diesem besonderen Rahmen präsentieren zu dürfen.</p>
