{"id":36,"date":"2021-05-28T16:49:54","date_gmt":"2021-05-28T14:49:54","guid":{"rendered":"http:\/\/dev.galerie-klaus-benden.de\/?page_id=36"},"modified":"2022-09-15T12:13:16","modified_gmt":"2022-09-15T10:13:16","slug":"service","status":"publish","type":"page","link":"https:\/\/galerie-benden-ackermann.de\/de\/service\/","title":{"rendered":"Was k\u00f6nnen wir f\u00fcr Sie tun?"},"content":{"rendered":"\n<div class=\"wp-block-columns alignfull is-layout-flex wp-container-core-columns-is-layout-9d6595d7 wp-block-columns-is-layout-flex\">\n<div class=\"wp-block-column is-layout-flow wp-block-column-is-layout-flow\" style=\"flex-basis:60%\">\n<p class=\"has-large-font-size\">Menschen mit Kunst zusammenzubringen, ist uns eine Herzensangelegenheit. <\/p>\n\n\n\n<p class=\"has-large-font-size\">Ihren individuellen W\u00fcnschen entsprechend unterst\u00fctzen wir Sie, <strong>das f\u00fcr Sie richtige Kunstwerk<\/strong> zu finden. Verlassen Sie sich auf unsere langj\u00e4hrige Erfahrung, unsere Expertise und eine perfekte Abwicklung.<\/p>\n\n\n\n<p class=\"has-large-font-size\">Sie w\u00fcnschen sich Beratung, welche Arbeit zu Ihnen passt, wo es bei Ihnen am besten platziert wird? M\u00f6chten Sie eine Sammlung aufbauen oder erweitern? Ben\u00f6tigen Sie diskrete Unterst\u00fctzung beim Verkauf eines Kunstwerks?<\/p>\n\n\n\n<p class=\"has-large-font-size\">Mit unserer fachlichen Kompetenz, unseren internationalen Kontakten und Kenntnissen des aktuellen Marktgeschehens engagieren wir uns f\u00fcr Ihre pers\u00f6nlichen Anliegen.<\/p>\n\n\n\n<p class=\"has-large-font-size\">Sprechen Sie uns an \u2013 WIR FREUEN UNS AUF SIE!<\/p>\n<\/div>\n\n\n\n<div class=\"wp-block-column is-layout-flow wp-block-column-is-layout-flow\">\n<p><strong>Pers\u00f6nliche Beratung<\/strong><\/p>\n\n\n\n<p>Wir stehen mit unserer Expertise jederzeit zu Ihrer Verfu\u0308gung. Zu unserem Service geh\u00f6rt auch die Beschaffung von Kunstwerken ganz nach individuellen Wu\u0308nschen. Dabei gilt: Was wir nicht haben, finden wir fu\u0308r Sie.<\/p>\n\n\n\n<p><strong>Sammlungsbetreuung<\/strong><\/p>\n\n\n\n<p>Sie m\u00f6chten eine Sammlung aufbauen? Oder Ihre existierende Sammlung weiter ausbauen? Wir bieten Ihnen professionelle Begleitung bei Aufbau und Gestaltung einer individuellen Kunstsammlung.<\/p>\n\n\n\n<p><strong>Ankauf und Weitervermittlung<\/strong><\/p>\n\n\n\n<p>Vertrauen Sie auf unsere Erfahrung, unsere Kontakte und unsere Diskretion. Wir unterstu\u0308tzen Sie bei Ankauf oder Weitervermittlung Ihrer Kunstwerke.<\/p>\n\n\n\n<p><strong>Rahmung<\/strong><\/p>\n\n\n\n<p>Pr\u00e4sentieren Sie Ihre Kunstwerke im richtigen Rahmen. In Zusammenarbeit mit der renommierten K\u00f6lner Rahmenhandlung Neisius bieten wir Rahmenl\u00f6sungen fu\u0308r die optimale Pr\u00e4sentation und den besten Schutz Ihrer Kunst.<\/p>\n\n\n\n<p><strong>Restaurierung<\/strong><\/p>\n\n\n\n<p>Risse, Verf\u00e4rbungen, Wassersch\u00e4den etc. \u2013 sollte eines Ihrer Kunstwerke besch\u00e4digt sein oder eine Reinigung ben\u00f6tigen, helfen wir Ihnen gerne, das Werk wieder im alten Glanz erstrahlen zu lassen.<\/p>\n<\/div>\n<\/div>\n","protected":false},"excerpt":{"rendered":"<p>Menschen mit Kunst zusammenzubringen, ist uns eine Herzensangelegenheit. Ihren individuellen W\u00fcnschen entsprechend unterst\u00fctzen wir Sie, das f\u00fcr Sie richtige Kunstwerk zu finden. Verlassen Sie sich auf unsere langj\u00e4hrige Erfahrung, unsere Expertise und eine perfekte Abwicklung. Sie w\u00fcnschen sich Beratung, welche Arbeit zu Ihnen passt, wo es bei Ihnen am besten platziert wird? M\u00f6chten Sie eine [&hellip;]<\/p>\n","protected":false},"author":1,"featured_media":0,"parent":0,"menu_order":0,"comment_status":"closed","ping_status":"closed","template":"","meta":{"footnotes":""},"class_list":["post-36","page","type-page","status-publish","hentry"],"_links":{"self":[{"href":"https:\/\/galerie-benden-ackermann.de\/de\/wp-json\/wp\/v2\/pages\/36","targetHints":{"allow":["GET"]}}],"collection":[{"href":"https:\/\/galerie-benden-ackermann.de\/de\/wp-json\/wp\/v2\/pages"}],"about":[{"href":"https:\/\/galerie-benden-ackermann.de\/de\/wp-json\/wp\/v2\/types\/page"}],"author":[{"embeddable":true,"href":"https:\/\/galerie-benden-ackermann.de\/de\/wp-json\/wp\/v2\/users\/1"}],"replies":[{"embeddable":true,"href":"https:\/\/galerie-benden-ackermann.de\/de\/wp-json\/wp\/v2\/comments?post=36"}],"version-history":[{"count":9,"href":"https:\/\/galerie-benden-ackermann.de\/de\/wp-json\/wp\/v2\/pages\/36\/revisions"}],"predecessor-version":[{"id":3486,"href":"https:\/\/galerie-benden-ackermann.de\/de\/wp-json\/wp\/v2\/pages\/36\/revisions\/3486"}],"wp:attachment":[{"href":"https:\/\/galerie-benden-ackermann.de\/de\/wp-json\/wp\/v2\/media?parent=36"}],"curies":[{"name":"wp","href":"https:\/\/api.w.org\/{rel}","templated":true}]}}

Was können wir für Sie tun?

<div class="wp-block-columns alignfull is-layout-flex wp-container-core-columns-is-layout-9d6595d7 wp-block-columns-is-layout-flex">
<div class="wp-block-column is-layout-flow wp-block-column-is-layout-flow" style="flex-basis:60%">
<p class="has-large-font-size">Menschen mit Kunst zusammenzubringen, ist uns eine Herzensangelegenheit. </p>



<p class="has-large-font-size">Ihren individuellen Wünschen entsprechend unterstützen wir Sie, <strong>das für Sie richtige Kunstwerk</strong> zu finden. Verlassen Sie sich auf unsere langjährige Erfahrung, unsere Expertise und eine perfekte Abwicklung.</p>



<p class="has-large-font-size">Sie wünschen sich Beratung, welche Arbeit zu Ihnen passt, wo es bei Ihnen am besten platziert wird? Möchten Sie eine Sammlung aufbauen oder erweitern? Benötigen Sie diskrete Unterstützung beim Verkauf eines Kunstwerks?</p>



<p class="has-large-font-size">Mit unserer fachlichen Kompetenz, unseren internationalen Kontakten und Kenntnissen des aktuellen Marktgeschehens engagieren wir uns für Ihre persönlichen Anliegen.</p>



<p class="has-large-font-size">Sprechen Sie uns an – WIR FREUEN UNS AUF SIE!</p>
</div>



<div class="wp-block-column is-layout-flow wp-block-column-is-layout-flow">
<p><strong>Persönliche Beratung</strong></p>



<p>Wir stehen mit unserer Expertise jederzeit zu Ihrer Verfügung. Zu unserem Service gehört auch die Beschaffung von Kunstwerken ganz nach individuellen Wünschen. Dabei gilt: Was wir nicht haben, finden wir für Sie.</p>



<p><strong>Sammlungsbetreuung</strong></p>



<p>Sie möchten eine Sammlung aufbauen? Oder Ihre existierende Sammlung weiter ausbauen? Wir bieten Ihnen professionelle Begleitung bei Aufbau und Gestaltung einer individuellen Kunstsammlung.</p>



<p><strong>Ankauf und Weitervermittlung</strong></p>



<p>Vertrauen Sie auf unsere Erfahrung, unsere Kontakte und unsere Diskretion. Wir unterstützen Sie bei Ankauf oder Weitervermittlung Ihrer Kunstwerke.</p>



<p><strong>Rahmung</strong></p>



<p>Präsentieren Sie Ihre Kunstwerke im richtigen Rahmen. In Zusammenarbeit mit der renommierten Kölner Rahmenhandlung Neisius bieten wir Rahmenlösungen für die optimale Präsentation und den besten Schutz Ihrer Kunst.</p>



<p><strong>Restaurierung</strong></p>



<p>Risse, Verfärbungen, Wasserschäden etc. – sollte eines Ihrer Kunstwerke beschädigt sein oder eine Reinigung benötigen, helfen wir Ihnen gerne, das Werk wieder im alten Glanz erstrahlen zu lassen.</p>
</div>
</div>

<p>Menschen mit Kunst zusammenzubringen, ist uns eine Herzensangelegenheit. Ihren individuellen Wünschen entsprechend unterstützen wir Sie, das für Sie richtige Kunstwerk zu finden. Verlassen Sie sich auf unsere langjährige Erfahrung, unsere Expertise und eine perfekte Abwicklung. Sie wünschen sich Beratung, welche Arbeit zu Ihnen passt, wo es bei Ihnen am besten platziert wird? Möchten Sie eine [&hellip;]</p>
