{"id":2213,"date":"2021-11-07T16:46:06","date_gmt":"2021-11-07T15:46:06","guid":{"rendered":"https:\/\/dev.galerie-klaus-benden.de\/?post_type=artist&#038;p=2213"},"modified":"2022-09-15T14:06:18","modified_gmt":"2022-09-15T12:06:18","slug":"gerhard-richter","status":"publish","type":"artist","link":"https:\/\/galerie-benden-ackermann.de\/en\/artist\/gerhard-richter\/","title":{"rendered":"Gerhard Richter"},"content":{"rendered":"<p><strong>* 1932 Dresden<\/strong><br \/>\n<strong>&#8230;lebt und arbeitet in K\u00f6ln<\/strong><\/p>\n<p>&nbsp;<\/p>\n<p style=\"text-align: right;\"><strong><em>\u201eDa es keine absolute Richtigkeit und Wahrheit gibt, streben wir immer<br \/>\n<\/em><\/strong><strong><em>die k\u00fcnstliche, <\/em><\/strong><strong><em>f\u00fchrende, <\/em><\/strong><strong><em>eben menschliche Wahrheit an.<br \/>\nWir werten und machen eine Wahrheit, die andere ausschlie\u00dft.<br \/>\nDie Kunst ist ein bildender Teil dieser Wahrheitsfindung.\u201c<\/em><\/strong><\/p>\n<p><em>\u00a0<\/em><\/p>\n<p>Gerhard Richter gilt als der bedeutendste lebende Maler der Welt. In unnachahmlicher Art und Weise stellt sein Werk einen der spannendsten und wichtigsten Beitr\u00e4ge der Malerei des 20. Jahrhunderts bis ins 21. Jahrhundert dar.<\/p>\n<p>Richters Gesamtwerk, an dem er seit mehr als 60 Jahren arbeitet , ist schlichtweg gro\u00df, sehr gro\u00df und heterogen. Es umfasst Gem\u00e4lde, Zeichnungen, Arbeiten auf Papier (\u00d6l auf Papier, Aquarelle), Fotografien, \u00fcbermalte Fotografien, druckgraphische Arbeiten, K\u00fcnstlerb\u00fccher, Multiples, Drucke und Poster, Skulpturen, R\u00f6hren, Filme, Glas und Spiegel, Kirchenfenster &#8230;<\/p>\n<p>Immer geht es ihm um das Medium und nicht prim\u00e4r um die Abbildung. In all seiner Komplexit\u00e4t ist Richters Werk wegweisend.<\/p>\n","protected":false},"author":2,"featured_media":3514,"template":"","tags":[],"class_list":["post-2213","artist","type-artist","status-publish","has-post-thumbnail","hentry"],"_links":{"self":[{"href":"https:\/\/galerie-benden-ackermann.de\/en\/wp-json\/wp\/v2\/artist\/2213","targetHints":{"allow":["GET"]}}],"collection":[{"href":"https:\/\/galerie-benden-ackermann.de\/en\/wp-json\/wp\/v2\/artist"}],"about":[{"href":"https:\/\/galerie-benden-ackermann.de\/en\/wp-json\/wp\/v2\/types\/artist"}],"author":[{"embeddable":true,"href":"https:\/\/galerie-benden-ackermann.de\/en\/wp-json\/wp\/v2\/users\/2"}],"version-history":[{"count":7,"href":"https:\/\/galerie-benden-ackermann.de\/en\/wp-json\/wp\/v2\/artist\/2213\/revisions"}],"predecessor-version":[{"id":2685,"href":"https:\/\/galerie-benden-ackermann.de\/en\/wp-json\/wp\/v2\/artist\/2213\/revisions\/2685"}],"wp:featuredmedia":[{"embeddable":true,"href":"https:\/\/galerie-benden-ackermann.de\/en\/wp-json\/wp\/v2\/media\/3514"}],"wp:attachment":[{"href":"https:\/\/galerie-benden-ackermann.de\/en\/wp-json\/wp\/v2\/media?parent=2213"}],"wp:term":[{"taxonomy":"post_tag","embeddable":true,"href":"https:\/\/galerie-benden-ackermann.de\/en\/wp-json\/wp\/v2\/tags?post=2213"}],"curies":[{"name":"wp","href":"https:\/\/api.w.org\/{rel}","templated":true}]}}

<p><strong>* 1932 Dresden</strong><br />
<strong>&#8230;lebt und arbeitet in Köln</strong></p>
<p>&nbsp;</p>
<p style="text-align: right;"><strong><em>„Da es keine absolute Richtigkeit und Wahrheit gibt, streben wir immer<br />
</em></strong><strong><em>die künstliche, </em></strong><strong><em>führende, </em></strong><strong><em>eben menschliche Wahrheit an.<br />
Wir werten und machen eine Wahrheit, die andere ausschließt.<br />
Die Kunst ist ein bildender Teil dieser Wahrheitsfindung.“</em></strong></p>
<p><em> </em></p>
<p>Gerhard Richter gilt als der bedeutendste lebende Maler der Welt. In unnachahmlicher Art und Weise stellt sein Werk einen der spannendsten und wichtigsten Beiträge der Malerei des 20. Jahrhunderts bis ins 21. Jahrhundert dar.</p>
<p>Richters Gesamtwerk, an dem er seit mehr als 60 Jahren arbeitet , ist schlichtweg groß, sehr groß und heterogen. Es umfasst Gemälde, Zeichnungen, Arbeiten auf Papier (Öl auf Papier, Aquarelle), Fotografien, übermalte Fotografien, druckgraphische Arbeiten, Künstlerbücher, Multiples, Drucke und Poster, Skulpturen, Röhren, Filme, Glas und Spiegel, Kirchenfenster &#8230;</p>
<p>Immer geht es ihm um das Medium und nicht primär um die Abbildung. In all seiner Komplexität ist Richters Werk wegweisend.</p>
