{"id":4094,"date":"2023-03-29T16:11:52","date_gmt":"2023-03-29T14:11:52","guid":{"rendered":"https:\/\/galerie-klaus-benden.de\/?post_type=fair&#038;p=4094"},"modified":"2023-10-28T12:23:57","modified_gmt":"2023-10-28T10:23:57","slug":"art-karlsruhe-2023","status":"publish","type":"fair","link":"https:\/\/galerie-benden-ackermann.de\/en\/fair\/art-karlsruhe-2023\/","title":{"rendered":"Art KARLSRUHE 2023"},"content":{"rendered":"<p><strong>Halle 2, Stand H2\/C07<\/strong><\/p>\n<p>&nbsp;<\/p>\n<p>Liebe Sammlerinnen und Sammler, liebe Freunde der Galerie,<\/p>\n<p>wir freuen uns, Sie auch in diesem Jahr auf unserem Messestand der Art KARLSRUHE begr\u00fc\u00dfen zu d\u00fcrfen. Traditionell pr\u00e4sentieren mehr als 200 national und international renommierte Galerien aus \u00fcber 15 L\u00e4ndern in den Karlsruher Messehallen ein breites Spektrum der Kunst des 20. Jahrhunderts sowie der Gegenwartskunst.<\/p>\n<p>Wir zeigen eine sorgf\u00e4ltig kuratierte Auswahl bedeutender Werke der amerikanischen Pop-Art. Diese Ausstellung bietet Gelegenheit, ikonische Werke zu betrachten, die die Pop-Art\u00a0definierten und weiterhin die zeitgen\u00f6ssische Kunst beeinflussen.<\/p>\n<p style=\"text-align: center;\"><strong>\u00a0 \u00a0 TOM WESSELMANN\u00a0\u00a0 \u2022\u00a0 ANDY WARHOL\u00a0\u00a0 \u2022\u00a0 ROY LICHTENSTEIN\u00a0\u00a0 <\/strong><\/p>\n<p style=\"text-align: center;\"><strong>\u00a0ROBERT INDIANA\u00a0\u00a0 \u2022\u00a0 ALEX KATZ\u00a0\u00a0 <\/strong><strong>\u2022\u00a0 <\/strong><strong>ROBERT RAUSCHENBERG<\/strong><strong>\u00a0 \u00a0 <\/strong><\/p>\n<p style=\"text-align: center;\"><strong>\u00a0 MEL RAMOS\u00a0 \u00a0\u2022\u00a0 Willi Siber<\/strong><\/p>\n<p>&nbsp;<\/p>\n<p>Wir freuen uns auf ein Wiedersehen mit Ihnen auf unserem Messestand.<\/p>\n<p><strong>Halle 2, Stand H2\/C07\u00a0<\/strong><\/p>\n<p>&nbsp;<\/p>\n<p>&nbsp;<\/p>\n","protected":false},"author":2,"featured_media":3410,"template":"","tags":[],"class_list":["post-4094","fair","type-fair","status-publish","has-post-thumbnail","hentry"],"_links":{"self":[{"href":"https:\/\/galerie-benden-ackermann.de\/en\/wp-json\/wp\/v2\/fair\/4094","targetHints":{"allow":["GET"]}}],"collection":[{"href":"https:\/\/galerie-benden-ackermann.de\/en\/wp-json\/wp\/v2\/fair"}],"about":[{"href":"https:\/\/galerie-benden-ackermann.de\/en\/wp-json\/wp\/v2\/types\/fair"}],"author":[{"embeddable":true,"href":"https:\/\/galerie-benden-ackermann.de\/en\/wp-json\/wp\/v2\/users\/2"}],"version-history":[{"count":17,"href":"https:\/\/galerie-benden-ackermann.de\/en\/wp-json\/wp\/v2\/fair\/4094\/revisions"}],"predecessor-version":[{"id":4537,"href":"https:\/\/galerie-benden-ackermann.de\/en\/wp-json\/wp\/v2\/fair\/4094\/revisions\/4537"}],"wp:featuredmedia":[{"embeddable":true,"href":"https:\/\/galerie-benden-ackermann.de\/en\/wp-json\/wp\/v2\/media\/3410"}],"wp:attachment":[{"href":"https:\/\/galerie-benden-ackermann.de\/en\/wp-json\/wp\/v2\/media?parent=4094"}],"wp:term":[{"taxonomy":"post_tag","embeddable":true,"href":"https:\/\/galerie-benden-ackermann.de\/en\/wp-json\/wp\/v2\/tags?post=4094"}],"curies":[{"name":"wp","href":"https:\/\/api.w.org\/{rel}","templated":true}]}}

<p><strong>Halle 2, Stand H2/C07</strong></p>
<p>&nbsp;</p>
<p>Liebe Sammlerinnen und Sammler, liebe Freunde der Galerie,</p>
<p>wir freuen uns, Sie auch in diesem Jahr auf unserem Messestand der Art KARLSRUHE begrüßen zu dürfen. Traditionell präsentieren mehr als 200 national und international renommierte Galerien aus über 15 Ländern in den Karlsruher Messehallen ein breites Spektrum der Kunst des 20. Jahrhunderts sowie der Gegenwartskunst.</p>
<p>Wir zeigen eine sorgfältig kuratierte Auswahl bedeutender Werke der amerikanischen Pop-Art. Diese Ausstellung bietet Gelegenheit, ikonische Werke zu betrachten, die die Pop-Art definierten und weiterhin die zeitgenössische Kunst beeinflussen.</p>
<p style="text-align: center;"><strong>    TOM WESSELMANN   •  ANDY WARHOL   •  ROY LICHTENSTEIN   </strong></p>
<p style="text-align: center;"><strong> ROBERT INDIANA   •  ALEX KATZ   </strong><strong>•  </strong><strong>ROBERT RAUSCHENBERG</strong><strong>    </strong></p>
<p style="text-align: center;"><strong>  MEL RAMOS   •  Willi Siber</strong></p>
<p>&nbsp;</p>
<p>Wir freuen uns auf ein Wiedersehen mit Ihnen auf unserem Messestand.</p>
<p><strong>Halle 2, Stand H2/C07 </strong></p>
<p>&nbsp;</p>
<p>&nbsp;</p>
