{"id":4778,"date":"2024-07-10T15:41:19","date_gmt":"2024-07-10T13:41:19","guid":{"rendered":"https:\/\/galerie-klaus-benden.de\/?post_type=fair&#038;p=4778"},"modified":"2024-10-05T15:10:22","modified_gmt":"2024-10-05T13:10:22","slug":"highlights-internationale-kunstmesse-muenchen-2","status":"publish","type":"fair","link":"https:\/\/galerie-benden-ackermann.de\/en\/fair\/highlights-internationale-kunstmesse-muenchen-2\/","title":{"rendered":"HIGHLIGHTS Internationale Kunstmesse M\u00fcnchen"},"content":{"rendered":"<div>Die HIGHLIGHTS Internationale Kunstmesse M\u00fcnchen ist eine renommierte Boutiquemesse im historischen Ambiente der Residenz der Wittelsbacher. Mit Fokus auf das Top-Segment bietet sie ein exklusives Kunsterlebnis mit 3000 Jahren Kunstgeschichte, Expertengespr\u00e4chen und einem breiten Spektrum von antiken Kunstsch\u00e4tzen bis zur bildenden Kunst.<\/div>\n<div>Wir freuen uns sehr, zum zweiten Mal an dieser gro\u00dfartigen Messe teilzunehmen, um Ihnen unsere Hochkar\u00e4ter der amerikanischen Pop-Art pr\u00e4sentieren zu k\u00f6nnen.<\/div>\n","protected":false},"author":2,"featured_media":4862,"template":"","tags":[],"class_list":["post-4778","fair","type-fair","status-publish","has-post-thumbnail","hentry"],"_links":{"self":[{"href":"https:\/\/galerie-benden-ackermann.de\/en\/wp-json\/wp\/v2\/fair\/4778","targetHints":{"allow":["GET"]}}],"collection":[{"href":"https:\/\/galerie-benden-ackermann.de\/en\/wp-json\/wp\/v2\/fair"}],"about":[{"href":"https:\/\/galerie-benden-ackermann.de\/en\/wp-json\/wp\/v2\/types\/fair"}],"author":[{"embeddable":true,"href":"https:\/\/galerie-benden-ackermann.de\/en\/wp-json\/wp\/v2\/users\/2"}],"version-history":[{"count":2,"href":"https:\/\/galerie-benden-ackermann.de\/en\/wp-json\/wp\/v2\/fair\/4778\/revisions"}],"predecessor-version":[{"id":4784,"href":"https:\/\/galerie-benden-ackermann.de\/en\/wp-json\/wp\/v2\/fair\/4778\/revisions\/4784"}],"wp:featuredmedia":[{"embeddable":true,"href":"https:\/\/galerie-benden-ackermann.de\/en\/wp-json\/wp\/v2\/media\/4862"}],"wp:attachment":[{"href":"https:\/\/galerie-benden-ackermann.de\/en\/wp-json\/wp\/v2\/media?parent=4778"}],"wp:term":[{"taxonomy":"post_tag","embeddable":true,"href":"https:\/\/galerie-benden-ackermann.de\/en\/wp-json\/wp\/v2\/tags?post=4778"}],"curies":[{"name":"wp","href":"https:\/\/api.w.org\/{rel}","templated":true}]}}

HIGHLIGHTS Internationale Kunstmesse München

<div>Die HIGHLIGHTS Internationale Kunstmesse München ist eine renommierte Boutiquemesse im historischen Ambiente der Residenz der Wittelsbacher. Mit Fokus auf das Top-Segment bietet sie ein exklusives Kunsterlebnis mit 3000 Jahren Kunstgeschichte, Expertengesprächen und einem breiten Spektrum von antiken Kunstschätzen bis zur bildenden Kunst.</div>
<div>Wir freuen uns sehr, zum zweiten Mal an dieser großartigen Messe teilzunehmen, um Ihnen unsere Hochkaräter der amerikanischen Pop-Art präsentieren zu können.</div>
